nws-alerts: Checking more than four warning/county codes can delay the loading of your pages. You should use a cron job to get the data.

NOAA-Style Climate Reports


Report for 2015 July
                   Monthly Climatological Summary for Jul 2015

Name: Westmoreland Weather   City: Export   State: Pennsylvania
Elevation: 1286 ft  Lat: N 40° 26' 47"   Lon: W 079° 35' 30"

                  Temperature (°F), Rain (in), Wind Speed (mph)

                                      Heat  Cool        Avg
    Mean                              Deg   Deg         Wind                 Dom
Day Temp  High   Time   Low    Time   Days  Days  Rain  Speed High   Time    Dir
----------------------------------------------------------------------------------
 1  64.4  74.5   16:01  58.6   04:22   2.7   2.1  0.00   4.2  15.9   10:10     S
 2  65.9  76.1   17:28  56.6   05:52   2.7   3.6  0.00   1.3   8.3   10:11     S
 3  67.6  80.9   15:07  54.1   05:59   2.8   5.4  0.05   2.1  13.0   11:55    SE
 4  68.8  79.3   14:10  60.4   23:55   0.7   4.5  1.03   1.5   7.6   11:45   SSE
 5  68.8  82.7   14:52  54.8   06:17   2.9   6.8  0.00   1.3   6.9   14:45    NE
 6  71.7  78.4   14:27  67.8   23:59   0.0   6.7  0.48   1.4  12.1   14:40   ESE
 7  72.3  83.1   15:29  66.2   02:26   0.0   7.3  0.30   4.8  17.4   16:25     S
 8  68.1  71.2   17:27  65.6   23:23   0.0   3.1  0.24   2.6  13.0   02:23     S
 9  70.3  81.8   13:41  65.1   02:23   0.0   5.3  0.28   4.8  20.6   15:38     S
10  66.5  72.1   17:18  63.3   03:39   0.4   1.9  0.02   1.2   7.6   16:15     S
11  71.1  85.1   15:48  60.8   05:45   0.8   6.8  0.00   1.4   8.3   12:17   ENE
12  68.3  81.7   14:41  58.8   05:40   1.5   4.8  0.02   1.0   9.2   13:40     S
13  71.2  79.7   13:11  64.6   05:14   0.0   6.2  0.27   2.3   9.8   15:23     S
14  71.0  80.6   13:29  65.1   06:24   0.0   6.0  0.71   4.7  19.0   16:38     S
15  69.0  77.9   16:47  58.4   23:53   0.5   4.5  0.01   2.1  12.1   16:14    SE
16  65.5  79.7   16:45  52.9   06:19   3.9   4.4  0.01   2.0   9.2   08:27    NE
17  70.1  80.9   12:53  57.4   06:26   2.0   7.1  0.00   2.5  13.0   13:09   SSW
18  78.3  87.1   14:07  70.3   06:31   0.0  13.3  0.00   3.3  13.6   12:32     S
19  77.9  87.2   14:31  70.3   05:59   0.0  12.9  0.01   3.7  15.9   15:25     S
20  75.1  84.7   14:46  68.0   06:07   0.0  10.1  0.00   3.2  14.5   11:32     S
21  71.7  84.0   13:27  59.9   23:52   0.3   7.1  0.13   2.0  11.4   14:37     S
22  65.6  76.8   11:55  54.1   05:44   3.4   4.0  0.00   2.1  11.4   13:45   SSE
23  67.9  81.5   15:09  54.8   06:18   2.8   5.7  0.00   1.4   9.8   12:43   ESE
24  68.8  83.3   14:51  54.1   06:39   2.9   6.7  0.00   1.6   9.8   13:37     S
25  72.7  87.2   15:41  57.9   06:36   1.4   9.2  0.00   1.5   9.8   14:53     S
26  74.7  86.2   15:19  65.1   06:18   0.0   9.7  0.00   2.2  12.1   13:34   SSW
27  76.0  90.3   15:35  66.5   06:34   0.0  11.0  0.00   1.3   6.9   10:54    NE
28  77.6  90.3   14:18  66.7   08:14   0.0  12.7  0.00   1.8   8.3   11:25   ENE
29  77.4  89.8   14:32  66.0   06:07   0.0  12.4  0.31   1.4   9.8   12:13     S
30  76.0  86.2   15:29  67.8   23:54   0.0  11.0  0.01   2.3  13.0   15:57     S
31  72.1  83.1   13:07  61.3   06:38   0.5   7.6  0.00   2.0  12.1   13:33     S
----------------------------------------------------------------------------------
    71.0  90.3    27    52.9    16    32.2 219.9  3.88   2.3  20.6     9       S

Max >=  80.0: 21
Max <=  32.0:  0
Min <=  32.0:  0
Min <=   0.0:  0
Max Rain: 1.03 on day 4
Days of Rain: 16 (>= 0.01 in)  9 (>= 0.10 in)  1 (>= 1.00 in)
Heat Base: 65.0  Cool Base: 65.0  Method: Integration