nws-alerts: Checking more than four warning/county codes can delay the loading of your pages. You should use a cron job to get the data.

NOAA-Style Climate Reports


Report for 2015 August
                   Monthly Climatological Summary for Aug 2015

Name: Westmoreland Weather   City: Export   State: Pennsylvania
Elevation: 1286 ft  Lat: N 40° 26' 47"   Lon: W 079° 35' 30"

                  Temperature (°F), Rain (in), Wind Speed (mph)

                                      Heat  Cool        Avg
    Mean                              Deg   Deg         Wind                 Dom
Day Temp  High   Time   Low    Time   Days  Days  Rain  Speed High   Time    Dir
----------------------------------------------------------------------------------
 1  71.5  81.8   15:50  63.5   06:43   0.1   6.6  0.00   1.9   9.8   11:22     S
 2  70.6  83.6   15:36  59.2   05:26   1.2   6.8  0.00   3.6  15.2   12:19     S
 3  69.7  81.5   15:23  62.4   06:13   0.2   4.9  0.25   4.1  21.3   16:47     S
 4  69.9  82.2   15:22  60.8   06:17   0.8   5.7  0.01   2.5  13.6   15:51     S
 5  67.8  79.9   15:54  57.9   06:16   2.0   4.8  0.00   2.4  12.1   11:54     S
 6  63.2  75.2   11:19  54.7   06:42   3.3   1.5  0.00   1.2   5.4   10:10   NNW
 7  67.8  77.9   16:14  57.0   06:29   2.3   5.2  0.00   2.3   9.2   11:46     E
 8  71.0  81.5   14:49  61.1   04:36   1.0   7.0  0.00   1.5   9.2   11:08   ESE
 9  73.8  85.4   14:52  64.2   06:39   0.0   8.9  0.00   1.2   9.2   13:22     E
10  74.0  87.2   12:24  63.5   06:58   0.1   9.1  0.00   2.6  12.1   21:47     S
11  70.9  80.6   14:59  61.3   23:57   0.2   6.1  0.00   3.1  10.7   00:26   SSE
12  65.6  77.5   14:07  57.7   06:29   2.7   3.2  0.00   2.1  12.1   11:53   SSE
13  64.0  78.2   13:54  50.5   05:46   4.6   3.7  0.00   1.7  13.6   11:27     S
14  69.8  84.5   14:55  57.9   05:28   2.0   6.9  0.00   2.3  11.4   11:31   SSW
15  73.2  87.8   16:11  62.0   06:23   0.4   8.6  0.00   2.2  10.7   12:37   SSW
16  73.9  89.6   15:31  60.4   06:43   0.8   9.7  0.00   1.6  10.7   12:30   SSW
17  76.0  89.2   15:55  63.8   05:49   0.1  11.1  0.00   2.2  13.0   11:39     S
18  70.5  80.0   15:08  65.8   06:34   0.0   5.5  0.01   1.7  16.8   05:45     S
19  74.6  86.7   15:52  64.2   05:44   0.0   9.6  0.00   3.1  16.8   17:29     S
20  72.7  78.8   16:18  62.2   23:55   0.1   7.8  0.02   4.0  14.5   16:53     S
21  66.8  81.5   15:34  54.3   06:47   3.0   4.8  0.00   1.8  13.0   12:34   SSE
22  65.8  81.7   14:46  52.0   06:23   4.1   5.0  0.00   1.7   9.8   10:28   ENE
23  67.8  82.4   14:15  53.9   06:09   3.3   6.1  0.00   2.2  12.1   15:50     S
24  69.4  79.7   13:55  61.7   23:27   0.4   4.8  0.00   2.9  16.8   14:31     S
25  62.3  71.9   11:51  54.1   06:56   3.9   1.2  0.00   2.6  17.4   11:52     S
26  62.0  71.0   15:25  53.4   07:07   4.1   1.1  0.00   2.6  13.0   13:34     S
27  62.5  69.8   15:58  56.6   05:55   3.5   1.0  0.00   1.2   9.2   10:14     S
28  66.0  82.9   14:38  52.0   07:11   4.2   5.1  0.00   1.5   9.2   14:47     E
29  68.9  86.2   15:13  52.5   07:15   3.3   7.3  0.00   1.8  11.4   13:20     S
30  71.6  85.8   15:38  63.3   02:11   0.1   6.8  0.28   2.2  15.9   18:58   SSW
31  74.1  88.1   15:35  65.5   04:54   0.0   9.1  0.05   2.0  15.2   13:22     S
----------------------------------------------------------------------------------
    69.3  89.6    16    50.5    13    51.8 185.0  0.62   2.3  21.3     3       S

Max >=  80.0: 21
Max <=  32.0:  0
Min <=  32.0:  0
Min <=   0.0:  0
Max Rain: 0.28 on day 30
Days of Rain: 6 (>= 0.01 in)  2 (>= 0.10 in)  0 (>= 1.00 in)
Heat Base: 65.0  Cool Base: 65.0  Method: Integration