nws-alerts: Checking more than four warning/county codes can delay the loading of your pages. You should use a cron job to get the data.

NOAA-Style Climate Reports


Report for 2015 September
                   Monthly Climatological Summary for Sep 2015

Name: Westmoreland Weather   City: Export   State: Pennsylvania
Elevation: 1286 ft  Lat: N 40° 26' 47"   Lon: W 079° 35' 30"

                  Temperature (°F), Rain (in), Wind Speed (mph)

                                      Heat  Cool        Avg
    Mean                              Deg   Deg         Wind                 Dom
Day Temp  High   Time   Low    Time   Days  Days  Rain  Speed High   Time    Dir
----------------------------------------------------------------------------------
 1  75.0  89.2   15:17  63.1   07:08   0.2  10.2  0.04   1.4  10.7   11:28   SSE
 2  72.1  86.2   14:52  65.6   06:34   0.0   7.1  2.10   1.7  28.9   15:31   SSW
 3  72.4  86.3   14:33  64.7   06:44   0.0   7.4  0.35   1.8  15.9   15:18     S
 4  72.4  89.4   15:32  64.6   06:59   0.0   7.5  0.12   1.5   8.3   12:49    SE
 5  73.3  87.8   15:11  64.2   06:49   0.0   8.4  0.00   2.0  10.7   11:27   SSE
 6  74.3  87.6   15:20  63.1   07:23   0.1   9.4  0.00   1.6  14.5   11:37     S
 7  74.8  89.4   15:52  63.5   04:59   0.1   9.9  0.00   2.0  11.4   10:32     S
 8  75.5  89.8   15:57  63.1   07:22   0.2  10.6  0.00   2.3  13.6   15:17     S
 9  73.4  87.2   13:07  67.3   02:08   0.0   8.5  0.48   2.6  11.4   12:29   SSW
10  65.9  68.3   00:00  60.1   23:52   0.5   1.3  0.13   1.3   6.9   12:04   NNE
11  64.6  78.4   15:57  56.3   03:43   3.4   3.0  0.00   1.6  11.4   13:55   SSW
12  58.8  63.7   15:54  53.2   23:43   6.2   0.0  0.37   3.0  11.4   14:39     S
13  54.3  61.5   15:31  49.4   22:25  10.7   0.0  0.04   3.5  12.1   15:07     S
14  58.5  72.7   16:12  48.0   04:10   7.8   1.4  0.00   2.6  15.2   12:49     S
15  63.1  81.1   14:26  47.6   07:24   5.9   4.1  0.00   1.2   7.6   11:36   SSE
16  67.2  85.8   15:36  52.3   06:58   3.8   6.1  0.00   1.1   9.8   12:53   SSE
17  67.7  85.6   13:56  53.8   07:20   3.3   6.0  0.00   1.3   7.6   10:29     S
18  67.8  82.4   14:59  54.3   06:44   2.9   5.7  0.00   2.5  16.8   15:16     S
19  69.2  83.8   15:26  58.8   23:57   1.4   5.6  0.37   3.8  16.8   12:15     S
20  60.1  73.7   15:42  49.4   06:58   6.5   1.5  0.01   1.8  10.7   10:53   ENE
21  59.1  72.5   13:35  49.6   06:48   6.6   0.8  0.00   3.1  13.0   10:31    SE
22  64.4  76.4   12:49  55.4   07:25   3.6   3.0  0.00   2.0   8.3   11:41   ESE
23  63.7  80.8   15:44  50.5   05:55   5.2   3.9  0.00   1.7  10.7   12:46     E
24  65.6  83.1   15:42  51.8   07:07   4.2   4.8  0.00   2.4  10.7   13:41    NE
25  64.5  79.1   13:52  52.3   05:25   4.1   3.6  0.00   2.6  16.8   11:09     E
26  63.8  75.4   15:33  55.7   07:22   3.5   2.3  0.00   3.3  14.5   14:28     E
27  64.6  77.9   15:15  58.1   07:15   2.8   2.4  0.00   4.5  15.2   13:44    SE
28  65.6  72.5   15:07  61.5   00:26   1.3   2.0  0.18   1.3   8.3   14:29   SSE
29  66.3  68.3   14:41  64.0   05:19   0.1   1.4  0.98   0.8   9.2   22:48   NNE
30  60.8  64.7   00:00  53.8   23:49   4.2   0.0  0.14   3.1   9.2   00:32   ESE
----------------------------------------------------------------------------------
    66.6  89.8     8    47.6    15    88.6 137.9  5.31   2.2  28.9     2     SSE

Max >=  80.0: 16
Max <=  32.0:  0
Min <=  32.0:  0
Min <=   0.0:  0
Max Rain: 2.10 on day 2
Days of Rain: 13 (>= 0.01 in)  10 (>= 0.10 in)  1 (>= 1.00 in)
Heat Base: 65.0  Cool Base: 65.0  Method: Integration