nws-alerts: Checking more than four warning/county codes can delay the loading of your pages. You should use a cron job to get the data.

NOAA-Style Climate Reports


Report for 2015 October
                   Monthly Climatological Summary for Oct 2015

Name: Westmoreland Weather   City: Export   State: Pennsylvania
Elevation: 1286 ft  Lat: N 40° 26' 47"   Lon: W 079° 35' 30"

                  Temperature (°F), Rain (in), Wind Speed (mph)

                                      Heat  Cool        Avg
    Mean                              Deg   Deg         Wind                 Dom
Day Temp  High   Time   Low    Time   Days  Days  Rain  Speed High   Time    Dir
----------------------------------------------------------------------------------
 1  55.4  64.6   14:43  50.3   06:56   9.6   0.0  0.00   4.0  13.0   23:30    NE
 2  48.3  53.0   00:00  43.7   22:37  16.7   0.0  0.02   4.4  13.6   20:47   NNE
 3  45.8  51.2   16:19  41.5   04:33  19.2   0.0  0.58   5.2  14.5   00:24   ENE
 4  53.3  64.0   15:56  48.0   04:26  11.6   0.0  0.00   4.1  14.5   12:27     E
 5  56.7  73.6   15:53  44.9   06:31   9.6   1.3  0.00   1.8  10.7   12:14   ENE
 6  60.6  78.4   14:49  46.6   06:53   7.1   2.7  0.00   0.9   9.8   14:53   ESE
 7  61.8  69.6   13:58  56.6   23:56   3.8   0.6  0.00   1.2  11.4   14:09   SSE
 8  60.8  76.1   15:36  47.5   07:59   6.4   2.3  0.00   1.4  12.1   13:47     S
 9  61.6  69.8   11:34  53.2   23:56   3.9   0.5  0.37   4.5  13.6   10:43     S
10  54.0  68.0   15:46  44.0   07:34  11.2   0.2  0.00   1.8  13.6   10:18   ENE
11  52.8  68.7   14:42  38.6   07:46  12.5   0.3  0.00   2.7  14.5   14:26     S
12  58.7  71.9   14:32  43.9   07:46   7.4   1.2  0.00   4.4  15.9   14:39     S
13  57.4  61.3   10:59  53.6   23:40   7.6   0.0  0.06   4.9  18.3   03:42     S
14  51.3  54.8   14:20  46.9   23:58  13.7   0.0  0.00   2.4   9.8   12:12     S
15  50.8  62.4   15:46  42.2   05:08  14.2   0.0  0.01   4.0  16.8   11:27     S
16  48.3  57.9   15:07  42.2   05:27  16.7   0.0  0.09   3.6  16.8   14:28     S
17  40.5  48.4   11:42  35.4   23:57  24.5   0.0  0.00   3.6  16.8   12:07     S
18  36.9  44.0   11:42  31.1   23:58  28.1   0.0  0.00   3.3  13.0   11:11     S
19  42.6  58.3   14:57  29.3   03:34  22.4   0.0  0.00   4.5  14.5   13:07     S
20  55.6  70.3   15:42  46.7   00:59  10.0   0.6  0.01   6.4  18.3   11:25     S
21  57.4  70.0   13:38  45.8   08:25   8.3   0.8  0.00   3.2  15.2   14:12   SSW
22  59.4  72.5   13:26  52.1   23:54   6.4   0.9  0.11   4.1  18.3   13:29     S
23  52.3  69.4   15:11  40.1   08:17  12.9   0.3  0.02   1.3   7.6   10:49    NE
24  55.9  64.6   13:26  46.6   00:00   9.1   0.0  0.58   4.6  15.2   17:47     S
25  52.7  59.0   00:09  40.4   23:54  12.3   0.0  0.06   3.7  16.8   01:42     S
26  46.2  64.2   14:43  33.1   06:31  18.8   0.0  0.00   1.6  13.0   12:20   ENE
27  47.3  58.1   13:36  38.5   06:53  17.7   0.0  0.17   4.3  17.4   14:52    SE
28  56.9  64.4   14:51  48.9   00:09   8.1   0.0  1.19   6.7  21.3   06:14   SSE
29  51.4  59.5   00:00  39.0   23:49  13.6   0.0  0.38   7.2  30.4   12:33   SSW
30  42.8  46.4   16:15  38.6   00:28  22.2   0.0  0.00   2.4   9.8   09:19     S
31  48.9  57.4   15:44  39.0   08:07  16.1   0.0  0.00   2.4  13.6   10:11   SSE
----------------------------------------------------------------------------------
    52.4  78.4     6    29.3    19   401.7  11.7  3.65   3.6  30.4    29     SSE

Max >=  80.0:  0
Max <=  32.0:  0
Min <=  32.0:  2
Min <=   0.0:  0
Max Rain: 1.19 on day 28
Days of Rain: 14 (>= 0.01 in)  7 (>= 0.10 in)  1 (>= 1.00 in)
Heat Base: 65.0  Cool Base: 65.0  Method: Integration