nws-alerts: Checking more than four warning/county codes can delay the loading of your pages. You should use a cron job to get the data.

NOAA-Style Climate Reports


Report for 2015 November
                   Monthly Climatological Summary for Nov 2015

Name: Westmoreland Weather   City: Export   State: Pennsylvania
Elevation: 1286 ft  Lat: N 40° 26' 47"   Lon: W 079° 35' 30"

                  Temperature (°F), Rain (in), Wind Speed (mph)

                                      Heat  Cool        Avg
    Mean                              Deg   Deg         Wind                 Dom
Day Temp  High   Time   Low    Time   Days  Days  Rain  Speed High   Time    Dir
----------------------------------------------------------------------------------
 1  55.0  65.3   13:55  49.8   23:55  10.4   0.0  0.01   6.2  23.5   01:58   SSW
 2  54.7  73.4   13:58  43.1   23:44  11.3   1.0  0.00   1.1   8.3   10:59    SE
 3  57.0  81.5   14:55  39.2   05:07  11.2   3.2  0.00   1.0   6.0   13:16     E
 4  61.0  77.7   13:16  42.4   06:38   7.5   3.5  0.00   2.0  14.5   14:47     S
 5  64.6  76.8   14:12  53.4   06:55   3.3   2.9  0.00   3.0  13.0   10:08     S
 6  63.4  68.5   14:46  52.5   23:57   2.1   0.5  0.27   5.5  19.7   13:52   SSW
 7  47.2  52.5   00:00  39.7   23:58  17.8   0.0  0.00   2.6  13.0   14:44   SSW
 8  42.6  59.2   13:27  32.2   07:07  22.4   0.0  0.00   1.1   8.3   10:46     E
 9  44.7  59.2   14:20  27.8   05:44  20.3   0.0  0.00   2.4   9.8   13:08   ESE
10  49.3  52.7   13:52  44.6   23:58  15.7   0.0  0.83   3.4  14.5   17:51     S
11  44.3  51.2   15:31  37.9   23:53  20.7   0.0  0.04   2.7  12.1   00:44   SSW
12  49.6  63.7   13:25  37.9   00:00  15.4   0.0  0.20   8.5  34.9   13:59   SSW
13  43.1  48.0   01:08  38.5   23:44  21.9   0.0  0.05   9.2  29.8   06:13    SW
14  39.4  45.8   11:53  34.1   23:31  25.6   0.0  0.00   4.1  15.9   01:31   SSW
15  46.0  61.7   14:44  34.0   00:16  19.0   0.0  0.00   5.9  18.3   14:11   SSW
16  49.9  69.2   14:07  38.3   06:53  15.3   0.2  0.00   1.6   7.6   09:13   SSW
17  52.6  66.9   13:01  40.1   00:00  12.4   0.0  0.00   5.5  18.3   16:26    SE
18  56.0  61.1   21:25  49.4   06:47   9.0   0.0  0.13   9.5  26.6   13:30   SSE
19  56.8  63.5   14:19  44.8   23:57   8.2   0.0  0.27   6.5  19.7   13:10   SSW
20  39.3  50.7   13:53  31.1   22:20  25.7   0.0  0.00   3.3  19.7   10:55   SSW
21  41.1  55.4   15:11  28.2   05:44  23.9   0.0  0.01   5.7  20.6   22:36   SSE
22  32.0  38.1   00:00  22.3   23:55  33.0   0.0  0.00   3.8  20.6   00:23   SSW
23  28.4  39.4   13:44  19.6   07:09  36.6   0.0  0.00   3.1  15.9   11:41     S
24  36.4  50.2   14:04  28.9   01:14  28.6   0.0  0.00   2.0  12.1   12:39     S
25  42.9  60.6   12:57  28.9   04:28  22.1   0.0  0.00   3.3  15.2   15:15    SE
26  51.0  62.8   14:49  37.0   03:35  14.0   0.0  0.00   3.5  15.9   10:53   SSW
27  55.3  66.2   13:32  47.5   06:23   9.7   0.0  0.00   5.3  20.6   12:48   SSW
28  48.6  56.6   00:00  41.2   23:59  16.4   0.0  0.26   1.0   4.5   03:18    SE
29  38.0  41.3   00:58  32.7   21:20  27.0   0.0  0.02   1.3   7.6   23:54    NE
30  37.8  44.6   10:48  28.2   04:39  27.2   0.0  0.00   3.7  13.6   11:56     E
----------------------------------------------------------------------------------
    47.6  81.5     3    19.6    23   533.7  11.3  2.09   3.9  34.9    12       S

Max >=  80.0:  1
Max <=  32.0:  0
Min <=  32.0:  8
Min <=   0.0:  0
Max Rain: 0.83 on day 10
Days of Rain: 11 (>= 0.01 in)  6 (>= 0.10 in)  0 (>= 1.00 in)
Heat Base: 65.0  Cool Base: 65.0  Method: Integration