nws-alerts: Checking more than four warning/county codes can delay the loading of your pages. You should use a cron job to get the data.

NOAA-Style Climate Reports


Report for 2015 December
                   Monthly Climatological Summary for Dec 2015

Name: Westmoreland Weather   City: Export   State: Pennsylvania
Elevation: 1286 ft  Lat: N 40° 26' 47"   Lon: W 079° 35' 30"

                  Temperature (°F), Rain (in), Wind Speed (mph)

                                      Heat  Cool        Avg
    Mean                              Deg   Deg         Wind                 Dom
Day Temp  High   Time   Low    Time   Days  Days  Rain  Speed High   Time    Dir
----------------------------------------------------------------------------------
 1  48.9  55.2   19:38  43.1   04:47  16.1   0.0  0.63   3.6  13.6   19:03   SSE
 2  44.7  51.2   00:00  37.2   23:55  20.4   0.0  0.47   2.3  13.0   14:34     S
 3  34.2  37.7   20:42  31.4   04:23  30.8   0.0  0.05   4.2  17.4   05:41   SSW
 4  37.3  46.2   14:22  29.8   23:58  27.7   0.0  0.00   3.9  16.8   13:39   SSW
 5  35.9  55.4   14:31  23.9   07:40  29.1   0.0  0.00   1.0   6.9   13:23   ENE
 6  36.4  50.7   14:15  24.4   06:47  28.6   0.0  0.00   0.9   9.8   12:29     S
 7  36.4  55.2   13:33  25.7   07:48  28.6   0.0  0.00   0.7   7.6   13:43     S
 8  36.4  44.2   15:32  27.7   03:41  28.6   0.0  0.00   1.5   7.6   16:01   SSW
 9  43.9  55.0   13:28  29.6   04:15  21.1   0.0  0.00   4.0  23.5   13:35   SSW
10  48.4  56.6   14:14  42.4   07:33  16.6   0.0  0.00   3.6  15.2   10:23   SSW
11  51.7  59.7   14:53  47.8   06:11  13.3   0.0  0.00   4.8  19.7   14:26   SSW
12  59.3  67.3   14:21  49.4   00:35   5.9   0.2  0.00   3.1  15.2   10:57   SSW
13  57.8  64.0   14:42  53.2   23:51   7.2   0.0  0.00   1.6   9.2   10:16     S
14  56.3  66.7   12:50  46.2   07:28   8.9   0.2  0.35   4.2  20.6   18:44   SSW
15  44.5  50.7   00:00  41.9   23:15  20.5   0.0  0.00   4.8  31.1   00:40    SW
16  48.0  61.5   13:23  40.4   07:36  17.0   0.0  0.00   3.3  11.4   22:03    SE
17  45.9  52.0   04:25  33.6   23:58  19.1   0.0  0.77   2.6  19.0   04:37     S
18  29.6  33.6   00:00  24.4   23:36  35.4   0.0  0.01   4.5  22.1   23:19   SSW
19  26.5  31.6   11:00  22.4   05:59  38.5   0.0  0.00   6.4  22.8   10:19    SW
20  29.7  39.9   15:50  20.6   06:49  35.3   0.0  0.00   2.3  13.6   11:11     S
21  47.9  52.7   10:02  39.0   00:00  17.1   0.0  0.01   8.3  20.6   10:02   SSW
22  53.3  61.0   14:11  46.2   22:58  11.7   0.0  0.31   5.4  22.1   04:30   SSW
23  55.4  61.9   23:35  46.7   06:10   9.6   0.0  0.01   2.9  12.1   15:08    SE
24  55.6  64.7   13:31  44.2   23:07   9.4   0.0  0.43   3.7  15.2   11:37   SSW
25  52.4  60.8   11:57  44.9   02:07  12.6   0.0  0.01   1.2   7.6   12:02     W
26  49.3  57.5   12:53  45.3   07:49  15.7   0.0  0.33   4.5  14.5   05:29   ESE
27  52.5  65.6   10:58  36.5   23:52  12.6   0.0  0.48   5.4  21.3   11:17   SSW
28  35.8  39.0   20:46  33.1   07:36  29.2   0.0  0.31   6.9  22.1   19:27   ESE
29  46.2  52.9   11:21  38.8   00:00  18.8   0.0  0.08   5.7  29.8   00:16     S
30  43.7  51.4   13:13  38.3   07:38  21.3   0.0  0.00   1.7  11.4   21:22     S
31  34.0  40.8   00:42  29.1   23:23  31.0   0.0  0.00   3.4  12.1   23:14   SSW
----------------------------------------------------------------------------------
    44.4  67.3    12    20.6    20   637.7   0.4  4.25   3.6  31.1    15       S

Max >=  80.0:  0
Max <=  32.0:  1
Min <=  32.0: 11
Min <=   0.0:  0
Max Rain: 0.77 on day 17
Days of Rain: 15 (>= 0.01 in)  9 (>= 0.10 in)  0 (>= 1.00 in)
Heat Base: 65.0  Cool Base: 65.0  Method: Integration