nws-alerts: Checking more than four warning/county codes can delay the loading of your pages. You should use a cron job to get the data.

NOAA-Style Climate Reports


Report for 2016
                   Annual Climatological Summary for 2016

Name: Westmoreland Weather   City: Export   State: Pennsylvania
Elevation: 1286 ft  Lat: N 40 26 44   Lon: W 079 35 30

                  Temperature (°F), Heat Base: 65.0  Cool Base: 65.0
                          Dep.  Heat  Cool                       Max  Max  Min  Min
        Mean  Mean        From  Deg   Deg                        >=   <=   <=   <=
 YR MO  Max   Min   Mean  Norm  Days  Days  Hi  Date  Low  Date 80.0 32.0 32.0   0.0
------------------------------------------------------------------------------------
 16  1  35.5  17.5  26.8  -0.7  1186     0  62.8  31   2.3   13    0   14   28    0
 16  2  43.1  23.9  32.9   2.4   931     0  67.4  20  -2.9   14    0    8   23    1
 16  3  58.0  36.7  46.7   6.9   576    10  76.6  27  17.8    3    0    0   13    0
 16  4  63.4  38.4  50.9   1.0   454    31  83.8  18  17.4   10    2    0    9    0
 16  5  70.9  49.6  59.2  -0.8   252    72  88.3  31  33.2   16    7    0    0    0
 16  6  79.7  58.4  68.9   0.5    57   174  87.8   1  44.8    9   18    0    0    0
 16  7  83.8  63.3  72.5  -0.1    23   255  91.9  23  52.0    2   25    0    0    0
 16  8  84.8  64.6  73.5   2.5    15   280  91.9  28  54.7   23   28    0    0    0
 16  9  80.8  57.1  67.5   3.5    84   158  90.5   6  45.3   28   17    0    0    0
 16 10  68.0  45.7  55.8   3.3   322    38  82.4  19  30.0   26    2    0    1    0
 16 11  56.7  34.4  44.6   2.3   620     8  79.1   2  21.5   23    0    2   13    0
 16 12  39.4  25.7  31.9  -0.6  1025     0  64.5  27   1.7   16    0    7   23    0
------------------------------------------------------------------------------------
        63.7  42.9  52.6   1.7  5544  1024  91.9 Jul  -2.9  Feb   99   31  110    1

                                Precipitation (in)

              Dep.   Max        Days of Rain
              From   Obs.           >=
 YR MO Total  Norm   Day Date 0.01 0.10 1.00
---------------------------------------------
 16  1  1.62 -1.08  0.81  10     9    5    0
 16  2  3.05  0.68  0.96  24    12    8    0
 16  3  2.26 -0.91  0.59  10    17    8    0
 16  4  2.66 -0.35  0.41   7    16    8    0
 16  5  4.16  0.36  0.94  21    19   10    0
 16  6  3.49 -0.63  0.81  16    12    8    0
 16  7  3.16 -0.80  0.80  30    18    9    0
 16  8  2.60 -0.78  0.48  16    16    8    0
 16  9  3.42  0.21  1.39  18    16    5    1
 16 10  5.03  2.78  1.87  21    15    9    1
 16 11  1.80 -1.22  0.73  30    11    6    0
 16 12  2.10 -0.76  1.10  18    14    3    1
---------------------------------------------
       35.35 -2.50  1.87  Oct  175   87    3

                                Wind Speed (mph)
                          Dom
 YR MO   Avg.  Hi   Date  Dir
------------------------------
 16  1   4.6  31.1   10   SSW
 16  2   4.8  37.4   25     S
 16  3   4.2  33.6    1     S
 16  4   4.0  33.6    2     S
 16  5   2.7  20.6   26     S
 16  6   2.7  21.3    6   SSE
 16  7   2.6  19.0   14     S
 16  8   2.4  31.1   20     S
 16  9   2.4  20.6   10   SSE
 16 10   3.0  24.4   29   SSE
 16 11   3.1  23.5   20     S
 16 12   4.6  30.4   26     S
------------------------------
         3.4  37.4  Feb     S