nws-alerts: Checking more than four warning/county codes can delay the loading of your pages. You should use a cron job to get the data.

NOAA-Style Climate Reports


Report for 2016 January
                   Monthly Climatological Summary for Jan 2016

Name: Westmoreland Weather   City: Export   State: Pennsylvania
Elevation: 1286 ft  Lat: N 40° 26' 47"   Lon: W 079° 35' 30"

                  Temperature (°F), Rain (in), Wind Speed (mph)

                                      Heat  Cool        Avg
    Mean                              Deg   Deg         Wind                 Dom
Day Temp  High   Time   Low    Time   Days  Days  Rain  Speed High   Time    Dir
----------------------------------------------------------------------------------
 1  29.3  32.5   14:23  27.1   06:09  35.7   0.0  0.00   6.6  18.3   09:33    SW
 2  28.3  32.9   16:27  23.7   07:26  36.7   0.0  0.00   5.7  19.7   23:19   SSW
 3  29.9  32.0   10:50  27.5   23:51  35.1   0.0  0.00   5.5  18.3   02:14   SSW
 4  22.4  31.8   11:14  10.0   23:43  42.6   0.0  0.00   3.2  12.1   11:11    SE
 5  17.3  35.2   14:36   5.2   07:35  47.7   0.0  0.00   1.3   6.9   09:51     E
 6  24.6  41.0   14:28  10.6   05:44  40.4   0.0  0.00   1.7  12.1   11:29   SSW
 7  31.8  52.7   14:52  16.9   07:28  33.2   0.0  0.00   0.9   7.6   12:55   SSE
 8  33.4  42.6   14:18  23.5   03:07  31.6   0.0  0.17   1.0   6.0   23:07     E
 9  45.9  57.2   12:37  38.5   05:07  19.1   0.0  0.04   4.8  15.2   22:17   SSE
10  36.9  46.2   07:59  19.0   23:57  28.1   0.0  0.81   8.2  31.1   12:39   SSW
11  16.8  22.4   13:13  12.5   07:44  48.2   0.0  0.00   7.2  22.1   08:59    SW
12  21.4  31.3   12:42  11.5   23:16  43.6   0.0  0.00   8.5  25.1   15:46   SSW
13  10.7  16.5   14:52   2.3   07:57  54.3   0.0  0.00   6.6  18.3   03:21   SSW
14  32.1  41.9   15:33  16.1   00:00  32.9   0.0  0.00   6.2  19.7   09:58   SSW
15  44.1  50.3   13:23  38.8   00:00  20.9   0.0  0.13   4.4  13.0   10:16     S
16  34.3  39.7   00:23  29.5   23:53  30.7   0.0  0.09   4.3  14.5   10:40   SSW
17  25.8  30.0   00:28   9.8   23:57  39.2   0.0  0.00   3.8  14.5   21:49   SSW
18   7.3  10.7   14:38   4.4   05:54  57.7   0.0  0.05   7.0  24.4   13:17    SW
19   9.9  17.6   11:57   3.4   06:02  55.1   0.0  0.00   4.6  17.4   11:06    SW
20  13.7  21.9   15:01   5.9   07:09  51.3   0.0  0.00   1.2   6.9   12:56     E
21  16.1  22.6   15:57  11.3   03:34  48.9   0.0  0.00   2.0  11.4   12:53   SSW
22  15.3  23.3   14:49   6.4   04:21  49.7   0.0  0.00   3.8  15.2   14:05   ENE
23  19.8  29.1   15:40  12.7   23:57  45.2   0.0  0.00   2.1  12.1   01:50   ENE
24  18.5  27.3   14:24  11.5   03:07  46.5   0.0  0.00   3.2  17.4   11:35   SSW
25  30.5  43.3   14:46  13.4   07:16  34.5   0.0  0.12   3.0  14.5   14:51   SSW
26  41.0  48.2   13:32  31.6   23:54  24.0   0.0  0.02   8.3  22.1   13:23   SSW
27  27.9  31.8   00:00  20.5   22:24  37.1   0.0  0.00   3.4  13.0   09:36   SSW
28  29.6  39.7   14:46  20.6   03:30  35.4   0.0  0.00   7.8  21.3   09:13   SSW
29  27.0  34.1   00:00  18.3   23:50  38.0   0.0  0.00   4.4  17.4   03:51   SSW
30  36.0  50.5   15:51  16.5   03:08  29.0   0.0  0.19   6.2  23.5   15:33   SSW
31  51.9  62.8   13:24  43.1   00:00  13.1   0.0  0.00   7.2  19.7   11:45   SSW
----------------------------------------------------------------------------------
    26.8  62.8    31     2.3    13  1185.5   0.0  1.62   4.6  31.1    10     SSW

Max >=  80.0:  0
Max <=  32.0: 14
Min <=  32.0: 28
Min <=   0.0:  0
Max Rain: 0.81 on day 10
Days of Rain: 9 (>= 0.01 in)  5 (>= 0.10 in)  0 (>= 1.00 in)
Heat Base: 65.0  Cool Base: 65.0  Method: Integration