nws-alerts: Checking more than four warning/county codes can delay the loading of your pages. You should use a cron job to get the data.

NOAA-Style Climate Reports


Report for 2016 February
                   Monthly Climatological Summary for Feb 2016

Name: Westmoreland Weather   City: Export   State: Pennsylvania
Elevation: 1286 ft  Lat: N 40° 26' 47"   Lon: W 079° 35' 30"

                  Temperature (°F), Rain (in), Wind Speed (mph)

                                      Heat  Cool        Avg
    Mean                              Deg   Deg         Wind                 Dom
Day Temp  High   Time   Low    Time   Days  Days  Rain  Speed High   Time    Dir
----------------------------------------------------------------------------------
 1  44.4  54.8   02:57  29.8   23:45  20.6   0.0  0.11   2.9  16.8   00:09   SSW
 2  38.0  51.8   12:07  23.7   06:51  27.0   0.0  0.01   4.7  19.0   18:02    SE
 3  51.9  61.9   15:33  43.9   02:37  13.0   0.0  0.46   7.0  22.1   15:44     S
 4  35.9  45.1   00:00  28.6   23:46  29.1   0.0  0.00   3.3  13.0   02:16   SSW
 5  28.7  37.0   15:44  23.7   23:20  36.3   0.0  0.00   3.0  12.1   13:03   SSW
 6  32.3  43.9   14:27  23.3   00:08  32.7   0.0  0.00   4.5  19.0   12:10   SSW
 7  36.4  49.1   15:32  22.6   07:09  28.6   0.0  0.00   2.6  13.6   11:27   SSW
 8  35.2  46.2   13:23  28.7   05:32  29.8   0.0  0.05   3.7  20.6   14:49     S
 9  27.6  32.5   00:05  22.4   23:53  37.4   0.0  0.00   4.4  17.4   13:28    SW
10  18.4  22.4   00:00  13.4   23:38  46.6   0.0  0.01   7.9  21.3   10:31    SW
11  13.3  18.8   13:41   9.3   23:57  51.7   0.0  0.00   5.7  21.3   11:04   SSW
12  12.1  17.8   12:43   5.3   02:50  52.9   0.0  0.00   4.5  15.2   10:47   SSW
13   8.5  15.6   00:00   2.8   07:20  56.5   0.0  0.00   4.9  17.4   04:38     S
14  10.8  24.1   14:26  -2.9   07:36  54.2   0.0  0.00   2.2   9.2   11:22    SE
15  26.0  32.0   13:58  17.9   01:30  39.0   0.0  0.14   3.9  12.1   00:49    SE
16  32.1  34.3   07:30  30.0   23:16  32.9   0.0  0.91   2.2   9.8   14:24   SSW
17  28.9  32.0   16:36  23.5   23:34  36.1   0.0  0.01   2.6  10.7   16:51   SSW
18  25.6  39.5   14:01  14.2   07:25  39.4   0.0  0.00   1.8   9.2   14:37     E
19  39.2  55.2   14:55  22.1   00:20  25.8   0.0  0.00   6.0  21.3   23:07   SSE
20  56.5  67.4   15:27  46.2   07:07   8.6   0.1  0.14   8.8  36.5   14:55    SW
21  46.1  63.3   15:05  34.0   23:59  18.9   0.0  0.00   1.8   9.8   10:50   ENE
22  39.3  57.5   15:10  26.6   07:15  25.7   0.0  0.00   2.0   9.2   10:39    NE
23  42.2  52.9   14:27  31.8   02:23  22.8   0.0  0.00   4.7  15.9   10:50    SE
24  46.2  60.1   14:10  38.1   05:27  18.8   0.0  0.96   5.8  27.3   15:10    SE
25  31.9  44.9   00:39  23.7   20:39  33.1   0.0  0.12   9.3  37.4   05:34   SSW
26  25.1  30.7   13:51  20.8   07:16  39.9   0.0  0.00   4.7  15.9   02:09   SSW
27  30.0  38.8   15:30  21.4   02:08  35.0   0.0  0.00   5.5  21.3   13:25   SSW
28  48.1  63.7   12:03  32.9   00:00  16.9   0.0  0.00  10.9  29.8   15:09   SSW
29  43.6  56.5   02:27  34.7   10:58  21.4   0.0  0.13   7.7  27.3   02:50    SW
----------------------------------------------------------------------------------
    32.9  67.4    20    -2.9    14   930.7   0.1  3.05   4.8  37.4    25       S

Max >=  80.0:  0
Max <=  32.0:  8
Min <=  32.0: 23
Min <=   0.0:  1
Max Rain: 0.96 on day 24
Days of Rain: 12 (>= 0.01 in)  8 (>= 0.10 in)  0 (>= 1.00 in)
Heat Base: 65.0  Cool Base: 65.0  Method: Integration