nws-alerts: Checking more than four warning/county codes can delay the loading of your pages. You should use a cron job to get the data.

NOAA-Style Climate Reports


Report for 2016 March
                   Monthly Climatological Summary for Mar 2016

Name: Westmoreland Weather   City: Export   State: Pennsylvania
Elevation: 1286 ft  Lat: N 40° 26' 47"   Lon: W 079° 35' 30"

                  Temperature (°F), Rain (in), Wind Speed (mph)

                                      Heat  Cool        Avg
    Mean                              Deg   Deg         Wind                 Dom
Day Temp  High   Time   Low    Time   Days  Days  Rain  Speed High   Time    Dir
----------------------------------------------------------------------------------
 1  47.9  64.6   15:28  30.4   06:41  17.1   0.0  0.40   7.5  33.6   19:34   SSW
 2  26.1  42.4   00:00  23.0   06:20  38.9   0.0  0.02   6.8  25.9   00:35   SSW
 3  26.9  34.3   12:21  17.8   04:44  38.1   0.0  0.00   2.0   9.2   09:57   ESE
 4  31.0  37.9   10:07  28.4   06:42  34.0   0.0  0.06   1.7   7.6   10:01   ESE
 5  33.6  40.3   16:26  28.4   04:29  31.4   0.0  0.01   1.8  12.1   11:32     S
 6  34.2  38.5   16:07  29.8   22:09  30.8   0.0  0.00   1.7  11.4   15:22    SW
 7  48.6  66.5   14:24  27.8   05:39  16.4   0.0  0.00   4.9  25.9   14:34   SSW
 8  57.6  68.2   14:32  49.1   07:11   7.8   0.4  0.00   3.9  20.6   13:29    SW
 9  61.6  75.9   14:11  49.1   01:13   5.6   2.1  0.00   4.8  24.4   11:41    SW
10  57.6  62.6   14:32  52.9   23:49   7.4   0.0  0.59   2.5  19.7   14:24   SSW
11  48.7  58.6   15:31  37.4   23:59  16.3   0.0  0.13   1.8   9.8   12:45   ENE
12  51.6  66.9   16:03  32.5   04:48  13.5   0.1  0.00   1.8  12.1   14:43   SSW
13  52.4  57.7   14:19  48.7   23:18  12.1   0.0  0.19   4.3  18.3   11:55   ESE
14  53.7  67.4   16:18  48.2   00:32  11.4   0.1  0.14   5.3  16.8   20:11    SE
15  52.4  60.2   16:48  48.0   05:11  12.6   0.0  0.01   2.1   7.6   04:13    SE
16  56.9  70.0   14:10  46.6   03:20   9.0   0.9  0.00   5.6  28.2   11:44   SSW
17  50.8  59.3   14:29  42.6   23:56  14.2   0.0  0.12   4.9  32.7   14:31    SW
18  45.3  58.8   15:20  34.0   07:38  19.7   0.0  0.00   4.4  24.4   12:13   SSW
19  36.9  43.0   16:27  31.8   06:42  28.1   0.0  0.01   1.4   8.3   15:34   ENE
20  35.4  37.9   13:03  31.3   21:53  29.6   0.0  0.01   2.0  10.7   07:39     E
21  32.8  41.5   15:38  25.0   07:13  32.2   0.0  0.07   2.5  15.2   14:51   SSW
22  43.1  57.7   16:39  25.7   03:38  21.9   0.0  0.00   6.2  25.1   13:10   SSW
23  58.2  68.7   15:26  50.7   02:46   7.2   0.4  0.00   6.1  27.3   09:45   SSW
24  61.0  74.5   15:39  48.0   06:25   6.4   2.4  0.01   8.0  27.3   16:07   SSW
25  45.1  59.3   01:49  32.7   23:54  19.9   0.0  0.15   4.4  30.4   01:44     S
26  43.3  61.7   17:32  28.6   03:05  21.7   0.0  0.00   2.2  10.7   15:43   ESE
27  54.6  76.6   15:09  34.9   04:27  12.6   2.2  0.00   3.9  15.9   17:52   SSE
28  47.5  55.7   04:07  39.9   22:26  17.5   0.0  0.32   7.6  29.8   08:47   SSW
29  42.3  56.3   16:01  33.6   07:37  22.7   0.0  0.02   2.8  15.9   14:10    SE
30  48.9  66.9   16:56  26.9   06:18  16.4   0.3  0.00   5.1  21.3   16:47     S
31  61.9  69.4   17:23  54.5   07:27   3.9   0.8  0.00   8.8  25.9   17:46   SSW
----------------------------------------------------------------------------------
    46.7  76.6    27    17.8     3   576.4   9.7  2.26   4.2  33.6     1       S

Max >=  80.0:  0
Max <=  32.0:  0
Min <=  32.0: 13
Min <=   0.0:  0
Max Rain: 0.59 on day 10
Days of Rain: 17 (>= 0.01 in)  8 (>= 0.10 in)  0 (>= 1.00 in)
Heat Base: 65.0  Cool Base: 65.0  Method: Integration