nws-alerts: Checking more than four warning/county codes can delay the loading of your pages. You should use a cron job to get the data.

NOAA-Style Climate Reports


Report for 2016 April
                   Monthly Climatological Summary for Apr 2016

Name: Westmoreland Weather   City: Export   State: Pennsylvania
Elevation: 1286 ft  Lat: N 40° 26' 47"   Lon: W 079° 35' 30"

                  Temperature (°F), Rain (in), Wind Speed (mph)

                                      Heat  Cool        Avg
    Mean                              Deg   Deg         Wind                 Dom
Day Temp  High   Time   Low    Time   Days  Days  Rain  Speed High   Time    Dir
----------------------------------------------------------------------------------
 1  58.8  66.0   00:07  45.3   23:11   6.2   0.1  0.07   6.8  25.1   15:03    SW
 2  43.2  52.3   14:33  30.5   23:47  21.8   0.0  0.27   7.7  33.6   12:51    SW
 3  33.5  43.7   23:25  21.9   06:41  31.5   0.0  0.04   6.8  20.6   14:37   SSW
 4  42.4  52.3   04:42  26.9   23:31  22.6   0.0  0.34   6.7  28.9   09:55   SSW
 5  31.1  44.6   15:53  20.3   06:07  33.9   0.0  0.00   2.5  10.7   16:10   NNE
 6  43.8  63.3   16:20  25.0   03:20  21.2   0.0  0.00   7.1  22.8   12:59     S
 7  43.8  52.7   00:00  33.2   23:57  21.2   0.0  0.41   7.9  30.4   03:47   SSW
 8  35.6  43.0   15:33  28.7   06:43  29.4   0.0  0.06   5.1  17.4   14:13   SSW
 9  30.0  36.1   00:00  22.8   23:58  35.0   0.0  0.11   4.1  15.2   16:33   NNE
10  30.5  51.6   23:54  17.4   06:05  34.5   0.0  0.01   2.9  14.5   22:50     S
11  53.3  63.3   15:24  46.9   02:26  11.7   0.0  0.35   7.9  22.1   08:30   SSW
12  44.3  52.5   00:00  33.1   23:57  20.7   0.0  0.26   3.7  14.5   16:47   NNE
13  42.4  57.9   16:08  27.1   06:07  22.6   0.0  0.00   2.6  13.0   14:42   ENE
14  51.3  69.2   15:58  33.2   06:18  14.2   0.5  0.00   3.0  13.0   09:46     E
15  56.2  71.4   16:44  38.1   06:20   9.8   1.1  0.00   4.0  13.6   11:58    SE
16  58.7  77.0   15:47  37.0   07:07   9.0   2.8  0.00   2.3  13.0   13:21     E
17  63.6  83.6   14:58  42.4   06:54   6.9   5.5  0.00   2.0  10.7   11:08     E
18  65.3  83.8   16:08  44.9   07:07   5.2   5.6  0.00   2.0  12.1   16:37   NNE
19  63.0  78.4   15:30  48.5   06:41   5.6   3.6  0.00   2.6  15.2   14:20   NNE
20  59.6  74.8   15:30  44.0   06:50   7.7   2.3  0.00   3.9  13.0   09:28   ESE
21  62.7  72.5   16:10  50.2   03:46   4.6   2.4  0.00   2.7  19.0   09:34     S
22  58.9  68.2   14:39  54.1   07:04   6.4   0.3  0.21   1.9  11.4   14:21   SSW
23  55.1  68.9   16:47  43.5   23:55   9.9   0.0  0.04   3.0  12.1   13:53     N
24  54.9  79.9   16:27  34.5   06:29  10.9   0.9  0.00   2.4   9.8   13:18   SSE
25  68.4  77.7   16:35  65.1   23:08   0.0   3.4  0.00   3.3  16.8   17:29     S
26  64.6  75.2   16:23  53.4   23:58   2.1   1.8  0.08   4.1  15.9   15:38     S
27  55.3  64.0   15:05  46.0   06:30   9.7   0.0  0.00   2.6   9.8   15:06   ENE
28  51.2  53.9   16:55  47.3   23:33  13.8   0.0  0.37   2.5  10.7   07:54    NE
29  49.1  54.8   16:42  45.3   05:14  15.9   0.0  0.02   2.0   9.2   15:54   SSE
30  55.5  69.2   13:16  46.0   05:50   9.9   0.4  0.02   3.3  15.2   21:59    SE
----------------------------------------------------------------------------------
    50.9  83.8    18    17.4    10   453.9  30.7  2.66   4.0  33.6     2       S

Max >=  80.0:  2
Max <=  32.0:  0
Min <=  32.0:  9
Min <=   0.0:  0
Max Rain: 0.41 on day 7
Days of Rain: 16 (>= 0.01 in)  8 (>= 0.10 in)  0 (>= 1.00 in)
Heat Base: 65.0  Cool Base: 65.0  Method: Integration