nws-alerts: Checking more than four warning/county codes can delay the loading of your pages. You should use a cron job to get the data.

NOAA-Style Climate Reports


Report for 2016 May
                   Monthly Climatological Summary for May 2016

Name: Westmoreland Weather   City: Export   State: Pennsylvania
Elevation: 1286 ft  Lat: N 40° 26' 47"   Lon: W 079° 35' 30"

                  Temperature (°F), Rain (in), Wind Speed (mph)

                                      Heat  Cool        Avg
    Mean                              Deg   Deg         Wind                 Dom
Day Temp  High   Time   Low    Time   Days  Days  Rain  Speed High   Time    Dir
----------------------------------------------------------------------------------
 1  59.3  70.1   17:06  51.1   00:56   6.2   0.5  0.35   4.2  19.0   08:12     S
 2  60.3  71.4   15:35  53.9   23:50   5.4   0.7  0.18   3.7  19.0   10:44     S
 3  55.6  65.6   16:03  48.9   06:46   9.4   0.0  0.00   2.3  15.2   15:20   SSE
 4  53.4  65.6   15:11  48.0   05:46  11.6   0.0  0.06   1.7  10.7   17:20   SSE
 5  52.8  66.0   14:49  48.0   03:58  12.2   0.0  0.50   1.4  17.4   14:54    NE
 6  53.8  67.6   12:25  46.7   05:01  11.3   0.1  0.12   2.5  13.0   11:01   NNE
 7  56.9  69.2   14:12  45.7   05:54   8.6   0.5  0.00   2.2  13.0   15:41     S
 8  55.3  64.2   16:18  44.6   06:53   9.7   0.0  0.08   4.1  16.8   16:27     S
 9  50.8  57.7   09:43  43.1   05:27  14.2   0.0  0.00   3.2  12.1   12:10     S
10  56.8  68.9   17:21  48.0   06:27   8.6   0.4  0.30   2.2   9.8   17:42   ENE
11  61.3  75.0   16:47  53.0   05:13   5.3   1.7  0.02   1.3   6.9   15:19    NE
12  64.4  78.6   14:15  52.0   06:10   3.9   3.3  0.41   2.1  17.4   14:59     S
13  62.0  71.0   16:54  53.9   23:55   3.6   0.7  0.21   4.2  15.2   14:39     S
14  48.8  56.1   13:15  40.6   22:11  16.2   0.0  0.41   4.9  19.7   10:49     S
15  41.3  49.8   13:52  37.0   06:51  23.7   0.0  0.06   5.1  17.4   11:41     S
16  48.2  63.5   16:07  33.2   06:07  16.8   0.0  0.00   3.9  17.4   13:17     S
17  54.2  64.0   14:29  47.3   00:12  10.8   0.0  0.00   1.3   9.8   11:38   SSE
18  51.3  56.6   17:21  46.0   23:59  13.7   0.0  0.33   1.9   9.2   11:09   ESE
19  53.7  71.0   16:12  39.7   05:49  12.0   0.8  0.01   1.4   8.3   11:33     E
20  59.5  74.3   15:07  41.7   05:57   7.9   2.4  0.00   3.0  13.6   12:36    SE
21  54.5  61.7   00:00  50.5   23:55  10.5   0.0  0.94   2.4  12.1   12:26   ESE
22  54.2  61.0   16:14  49.6   05:29  10.8   0.0  0.07   1.3   5.4   15:47   ENE
23  60.2  76.1   13:52  48.0   06:52   7.0   2.2  0.01   1.9  12.1   15:51   ESE
24  64.7  79.9   16:12  49.6   06:15   4.8   4.5  0.00   3.0  15.2   13:07     S
25  68.4  81.7   16:49  52.9   04:13   3.0   6.4  0.00   3.1  16.8   12:52     S
26  70.8  80.6   15:18  61.3   05:55   0.5   6.4  0.00   3.8  20.6   10:52     S
27  74.4  85.6   15:26  64.4   06:17   0.0   9.4  0.00   3.2  15.2   14:20     S
28  76.0  88.1   15:58  63.1   06:01   0.1  11.1  0.00   3.1  15.2   22:14     S
29  69.2  83.8   11:16  62.2   23:55   0.1   4.3  0.09   1.3  12.1   13:49   SSE
30  70.2  84.2   15:29  57.2   06:16   1.9   7.1  0.01   2.1  12.1   15:07   SSE
31  71.7  88.3   15:22  55.7   05:46   2.2   9.0  0.00   1.3   9.2   12:09    SE
----------------------------------------------------------------------------------
    59.2  88.3    31    33.2    16   252.0  71.5  4.16   2.7  20.6    26     SSE

Max >=  80.0:  7
Max <=  32.0:  0
Min <=  32.0:  0
Min <=   0.0:  0
Max Rain: 0.94 on day 21
Days of Rain: 19 (>= 0.01 in)  10 (>= 0.10 in)  0 (>= 1.00 in)
Heat Base: 65.0  Cool Base: 65.0  Method: Integration