nws-alerts: Checking more than four warning/county codes can delay the loading of your pages. You should use a cron job to get the data.

NOAA-Style Climate Reports


Report for 2016 June
                   Monthly Climatological Summary for Jun 2016

Name: Westmoreland Weather   City: Export   State: Pennsylvania
Elevation: 1286 ft  Lat: N 40° 26' 47"   Lon: W 079° 35' 30"

                  Temperature (°F), Rain (in), Wind Speed (mph)

                                      Heat  Cool        Avg
    Mean                              Deg   Deg         Wind                 Dom
Day Temp  High   Time   Low    Time   Days  Days  Rain  Speed High   Time    Dir
----------------------------------------------------------------------------------
 1  74.5  87.8   15:58  58.8   06:11   1.1  10.6  0.00   2.7  13.0   13:13     S
 2  71.6  80.9   15:49  64.7   23:57   0.0   6.6  0.51   2.8   9.8   07:28     S
 3  71.3  83.8   16:31  63.8   01:09   0.1   6.4  0.21   1.6   9.8   13:38   SSE
 4  71.3  80.8   15:01  64.2   05:49   0.1   6.4  0.00   1.1   7.6   11:40   SSE
 5  67.6  71.4   16:08  61.7   23:37   0.3   2.9  0.15   5.2  17.4   17:11     S
 6  65.7  77.9   14:32  57.4   05:54   2.7   3.3  0.48   4.0  21.3   14:51     S
 7  62.7  72.7   14:21  53.4   23:57   3.7   1.4  0.01   3.3  14.5   11:28   SSE
 8  55.2  63.3   16:41  48.2   23:56   9.8   0.0  0.21   4.1  15.2   14:31   SSE
 9  58.4  72.1   15:56  44.8   06:17   8.2   1.6  0.00   2.9  19.0   16:21   SSE
10  65.7  80.4   15:37  50.5   06:19   4.3   5.0  0.00   1.5  10.7   13:13   SSE
11  74.7  87.8   15:22  62.8   03:38   0.3  10.0  0.00   4.8  20.6   14:21     S
12  71.1  77.5   14:19  54.3   23:57   0.9   7.0  0.00   4.1  14.5   13:57    SE
13  62.3  76.3   16:46  47.5   05:59   5.5   2.8  0.00   2.1  10.7   12:51   ESE
14  65.7  78.6   16:48  53.0   06:25   3.2   3.9  0.00   1.7   9.2   11:06     E
15  70.6  84.2   13:43  58.3   00:53   1.8   7.4  0.38   1.9  10.7   21:05     S
16  67.7  72.1   10:27  64.2   05:13   0.0   2.7  0.81   2.4  16.8   10:46     S
17  70.2  82.0   16:42  62.6   06:19   0.6   5.8  0.05   2.6  10.7   14:57   NNE
18  72.6  85.1   15:07  58.8   06:07   1.1   8.7  0.00   1.5  10.7   13:32   ENE
19  71.1  84.9   15:41  57.2   05:36   1.7   7.8  0.00   2.4  12.1   11:27     S
20  72.8  84.5   15:25  59.9   04:20   0.9   8.8  0.00   4.9  16.8   18:40     S
21  73.2  83.6   16:49  62.9   23:52   0.0   8.2  0.04   2.4  12.1   15:42   SSE
22  68.3  79.5   16:22  57.0   05:50   1.9   5.2  0.00   2.5  15.2   15:51     S
23  66.9  68.9   13:12  64.2   05:44   0.0   1.9  0.60   2.4  13.6   05:08     S
24  70.9  81.1   17:07  65.1   07:22   0.0   5.9  0.04   1.4   8.3   16:19   NNE
25  73.3  87.1   16:53  60.8   06:09   0.6   9.0  0.00   2.1   9.2   14:10   SSE
26  74.8  87.1   15:22  61.3   05:57   0.5  10.3  0.00   2.8  13.6   14:38     S
27  75.4  85.1   16:57  68.2   05:25   0.0  10.4  0.00   3.2  12.1   11:13     S
28  72.6  82.0   13:57  62.4   23:58   0.0   7.6  0.00   3.4  12.1   12:20   SSE
29  62.2  72.5   14:34  52.7   06:07   4.1   1.3  0.00   1.6  11.4   16:32    SE
30  65.8  80.2   16:59  51.2   06:25   4.0   4.9  0.00   1.4  11.4   13:43   SSE
----------------------------------------------------------------------------------
    68.9  87.8     1    44.8     9    57.4 173.8  3.49   2.7  21.3     6     SSE

Max >=  80.0: 18
Max <=  32.0:  0
Min <=  32.0:  0
Min <=   0.0:  0
Max Rain: 0.81 on day 16
Days of Rain: 12 (>= 0.01 in)  8 (>= 0.10 in)  0 (>= 1.00 in)
Heat Base: 65.0  Cool Base: 65.0  Method: Integration