nws-alerts: Checking more than four warning/county codes can delay the loading of your pages. You should use a cron job to get the data.

NOAA-Style Climate Reports


Report for 2016 July
                   Monthly Climatological Summary for Jul 2016

Name: Westmoreland Weather   City: Export   State: Pennsylvania
Elevation: 1286 ft  Lat: N 40° 26' 47"   Lon: W 079° 35' 30"

                  Temperature (°F), Rain (in), Wind Speed (mph)

                                      Heat  Cool        Avg
    Mean                              Deg   Deg         Wind                 Dom
Day Temp  High   Time   Low    Time   Days  Days  Rain  Speed High   Time    Dir
----------------------------------------------------------------------------------
 1  66.4  78.2   16:42  56.1   05:32   3.0   4.4  0.24   2.8  18.3   16:46     S
 2  62.6  73.0   14:07  52.0   06:07   4.4   2.0  0.01   1.1   9.2   12:16   ESE
 3  64.0  75.4   15:18  52.9   05:23   4.0   3.0  0.00   1.4   9.2   22:36   ENE
 4  66.9  76.4   12:12  58.6   06:33   1.7   3.5  0.19   2.0   9.8   13:48     S
 5  73.0  82.4   16:26  67.3   06:28   0.0   8.0  0.04   2.6  14.5   12:49     S
 6  75.1  85.4   16:07  67.3   05:43   0.0  10.1  0.22   3.0  13.6   13:34     S
 7  72.0  81.3   17:09  66.9   02:28   0.0   7.0  0.04   4.2  13.6   15:45     S
 8  74.6  83.3   15:00  68.3   01:24   0.0   9.6  0.01   4.5  16.8   15:05     S
 9  73.9  81.7   13:50  63.5   23:53   0.0   9.0  0.00   5.2  17.4   11:55     S
10  69.5  82.6   15:37  58.4   05:46   1.6   6.0  0.00   2.0   9.2   13:35    SE
11  70.9  86.7   14:58  56.1   05:45   2.2   8.1  0.00   1.3   8.3   11:23   SSE
12  75.0  88.9   15:47  60.4   05:30   0.9  10.9  0.00   2.2  11.4   15:18     S
13  76.8  86.9   16:14  70.1   04:08   0.0  11.8  0.04   3.9  13.6   11:13     S
14  76.2  87.1   16:28  67.1   04:58   0.0  11.2  0.33   5.8  19.0   20:30     S
15  73.3  84.0   14:51  66.2   04:16   0.0   8.3  0.01   4.6  16.8   15:30     S
16  72.2  82.6   16:49  63.8   05:26   0.1   7.3  0.00   3.0  11.4   14:25     S
17  72.7  84.0   14:44  60.4   06:14   0.7   8.4  0.00   2.5  13.6   13:52     S
18  75.1  85.6   16:06  67.8   04:42   0.0  10.1  0.08   3.6  13.6   12:26     S
19  74.5  86.2   14:21  63.8   06:23   0.0   9.5  0.00   1.8  10.7   13:10     E
20  70.3  83.6   16:12  55.4   06:38   1.9   7.2  0.00   1.4   8.3   16:17    SE
21  72.6  88.7   14:32  54.5   06:10   2.5  10.1  0.00   2.7  16.8   12:21     S
22  73.7  84.4   15:56  67.4   12:23   0.0   8.7  0.21   2.8  15.9   16:35     S
23  77.3  91.9   14:54  68.7   03:41   0.0  12.3  0.00   3.0  15.9   12:29     S
24  74.6  90.1   14:58  64.6   06:55   0.0   9.6  0.33   1.7  18.3   17:12     S
25  76.5  91.7   14:47  67.6   03:28   0.0  11.5  0.34   3.0  15.9   13:52     S
26  76.5  88.5   14:40  68.2   05:23   0.0  11.5  0.00   1.6   7.6   13:11    SE
27  75.8  89.9   14:29  65.5   05:07   0.0  10.8  0.00   1.3   9.2   16:08    SE
28  70.6  76.4   10:43  66.5   02:08   0.0   5.6  0.25   1.4   9.2   11:45     S
29  73.3  84.4   16:38  66.0   06:25   0.0   8.3  0.01   1.1   7.6   12:07     S
30  68.9  72.8   17:32  66.0   03:25   0.0   3.9  0.80   0.8   6.0   15:28     S
31  72.3  84.9   15:59  65.1   05:07   0.0   7.3  0.01   1.7  14.5   13:35     S
----------------------------------------------------------------------------------
    72.5  91.9    23    52.0     2    23.0 255.0  3.16   2.6  19.0    14       S

Max >=  80.0: 25
Max <=  32.0:  0
Min <=  32.0:  0
Min <=   0.0:  0
Max Rain: 0.80 on day 30
Days of Rain: 18 (>= 0.01 in)  9 (>= 0.10 in)  0 (>= 1.00 in)
Heat Base: 65.0  Cool Base: 65.0  Method: Integration