nws-alerts: Checking more than four warning/county codes can delay the loading of your pages. You should use a cron job to get the data.

NOAA-Style Climate Reports


Report for 2016 August
                   Monthly Climatological Summary for Aug 2016

Name: Westmoreland Weather   City: Export   State: Pennsylvania
Elevation: 1286 ft  Lat: N 40° 26' 47"   Lon: W 079° 35' 30"

                  Temperature (°F), Rain (in), Wind Speed (mph)

                                      Heat  Cool        Avg
    Mean                              Deg   Deg         Wind                 Dom
Day Temp  High   Time   Low    Time   Days  Days  Rain  Speed High   Time    Dir
----------------------------------------------------------------------------------
 1  74.6  85.8   14:53  66.0   02:19   0.0   9.6  0.00   1.7  10.7   18:28     S
 2  74.8  87.8   15:59  63.8   06:28   0.0   9.9  0.00   1.3   6.0   12:08   ENE
 3  74.3  85.4   14:07  63.8   06:07   0.1   9.4  0.00   2.3  14.5   16:18     S
 4  73.8  83.8   14:52  66.2   05:52   0.0   8.8  0.00   2.6  10.7   17:08   SSE
 5  74.9  85.3   14:15  65.1   06:15   0.0   9.9  0.00   4.3  16.8   15:50     S
 6  74.4  85.1   13:24  63.1   23:56   0.0   9.5  0.14   2.6  10.7   02:10   SSE
 7  70.3  83.6   16:15  56.5   06:40   2.0   7.3  0.00   1.3   8.3   12:32   ESE
 8  71.4  85.3   15:41  62.0   05:12   0.8   7.2  0.00   1.7   9.2   14:57   ESE
 9  75.3  86.7   14:34  62.9   05:50   0.1  10.5  0.00   3.4  11.4   15:18     S
10  78.2  88.1   14:44  71.2   06:20   0.0  13.2  0.00   3.3  13.6   13:19     S
11  79.5  91.0   15:59  70.9   05:36   0.0  14.5  0.04   3.5  18.3   15:15     S
12  77.6  86.7   13:48  72.1   04:16   0.0  12.6  0.24   2.3  13.6   09:30     S
13  79.3  88.1   16:16  72.5   06:07   0.0  14.3  0.06   3.8  19.0   16:12     S
14  74.1  83.3   13:08  69.6   23:31   0.0   9.1  0.30   2.8  16.8   12:53     S
15  72.5  81.5   11:32  68.2   03:36   0.0   7.5  0.13   1.5   7.6   02:39     S
16  75.5  86.9   15:45  69.1   02:12   0.0  10.5  0.48   5.6  22.1   15:27     S
17  70.9  74.6   11:54  67.8   23:47   0.0   5.9  0.04   1.6   8.3   01:21     S
18  73.2  83.6   16:18  66.0   23:55   0.0   8.2  0.00   2.6  12.1   12:37     S
19  71.6  84.4   13:58  61.1   05:34   0.6   7.2  0.00   1.3   9.8   17:24   SSW
20  74.4  86.2   14:40  66.2   04:59   0.0   9.4  0.01   3.1  31.1   18:13     S
21  70.3  75.9   13:29  61.7   23:53   0.2   5.4  0.14   3.8  15.2   00:00     S
22  65.2  77.0   15:45  56.5   06:45   2.8   3.0  0.00   1.2   9.8   14:37   ENE
23  67.4  81.5   16:07  54.7   06:07   3.0   5.5  0.00   1.6  10.7   15:40     S
24  71.3  83.6   15:41  58.1   06:52   1.6   8.0  0.00   2.8  17.4   15:14     S
25  76.3  85.1   15:22  68.5   06:54   0.0  11.3  0.08   5.2  13.6   05:27     S
26  75.1  86.7   15:36  67.3   23:48   0.0  10.1  0.44   2.0  12.1   00:07   SSE
27  75.2  88.9   16:20  63.5   06:41   0.1  10.4  0.00   1.6   9.8   13:42    SE
28  76.8  91.9   15:56  67.1   06:33   0.0  11.8  0.41   1.9  13.0   22:14     S
29  71.9  86.7   15:51  64.2   23:57   0.0   6.9  0.01   1.2   9.2   15:08   NNE
30  70.9  88.1   15:36  57.2   07:07   1.9   7.8  0.01   1.0   6.9   13:47   ENE
31  68.1  81.5   14:07  59.0   05:31   1.7   4.9  0.07   0.8   6.0   09:59   SSW
----------------------------------------------------------------------------------
    73.5  91.9    28    54.7    23    14.9 279.6  2.60   2.4  31.1    20       S

Max >=  80.0: 28
Max <=  32.0:  0
Min <=  32.0:  0
Min <=   0.0:  0
Max Rain: 0.48 on day 16
Days of Rain: 16 (>= 0.01 in)  8 (>= 0.10 in)  0 (>= 1.00 in)
Heat Base: 65.0  Cool Base: 65.0  Method: Integration