nws-alerts: Checking more than four warning/county codes can delay the loading of your pages. You should use a cron job to get the data.

NOAA-Style Climate Reports


Report for 2016 September
                   Monthly Climatological Summary for Sep 2016

Name: Westmoreland Weather   City: Export   State: Pennsylvania
Elevation: 1286 ft  Lat: N 40° 26' 47"   Lon: W 079° 35' 30"

                  Temperature (°F), Rain (in), Wind Speed (mph)

                                      Heat  Cool        Avg
    Mean                              Deg   Deg         Wind                 Dom
Day Temp  High   Time   Low    Time   Days  Days  Rain  Speed High   Time    Dir
----------------------------------------------------------------------------------
 1  68.7  79.3   14:22  59.0   23:56   0.4   4.2  0.00   1.6  10.7   12:12   ENE
 2  64.7  77.9   15:13  53.0   05:17   3.9   3.6  0.00   1.9   9.8   13:47     N
 3  65.6  80.9   15:20  53.9   06:42   3.7   4.3  0.01   1.9   9.2   14:26     N
 4  67.2  85.3   15:07  52.7   06:53   3.8   6.0  0.00   1.2   9.2   14:10   ENE
 5  69.5  88.0   15:26  54.3   06:21   2.9   7.3  0.00   1.2  11.4   13:09    SE
 6  72.4  90.5   14:14  58.4   05:36   1.7   9.1  0.00   1.5   9.2   11:54   SSE
 7  75.9  87.1   16:07  68.2   03:40   0.0  10.9  0.04   2.1  12.1   12:43     S
 8  77.0  86.7   14:50  69.2   06:47   0.0  12.0  0.00   5.1  19.0   12:08     S
 9  73.0  77.5   14:46  70.1   22:38   0.0   8.0  0.26   1.7  10.7   22:23     S
10  77.2  87.4   15:05  68.7   06:36   0.0  12.2  0.01   6.2  20.6   13:47     S
11  66.7  77.3   15:16  57.0   23:53   1.6   3.3  0.07   2.4  12.1   01:11   SSE
12  65.5  81.5   15:24  51.4   06:51   4.4   4.9  0.00   1.5  10.7   16:52   SSE
13  69.0  84.4   15:20  57.2   04:28   2.5   6.5  0.00   2.9  15.9   09:37     S
14  67.5  86.3   13:58  56.1   05:56   2.8   5.2  0.06   1.6  12.1   10:08   SSE
15  64.7  78.2   14:56  54.3   07:07   3.7   3.3  0.01   2.4   8.3   04:32     N
16  66.0  81.7   14:47  52.1   06:19   3.7   4.7  0.00   2.8  13.0   19:35     S
17  69.8  77.9   13:40  60.2   06:22   1.0   5.8  0.01   4.1  18.3   09:41     S
18  68.2  71.9   15:25  65.8   23:49   0.0   3.2  1.39   1.5   9.8   16:23     S
19  69.2  80.8   14:31  62.2   23:56   0.2   4.4  0.05   1.2   8.3   03:28    SE
20  69.3  87.6   14:49  56.6   06:16   2.5   6.8  0.01   1.0   6.9   13:56   ENE
21  69.9  87.6   13:57  57.5   07:36   2.2   7.1  0.00   1.2   7.6   10:27     E
22  70.6  88.1   15:36  57.5   07:40   1.7   7.4  0.00   1.3   8.3   13:19    SE
23  71.7  90.1   13:33  58.8   07:37   1.6   8.3  0.00   1.4   8.3   10:13   SSE
24  64.5  71.0   15:50  54.1   23:52   1.4   1.0  0.00   1.2   9.8   08:49     N
25  60.9  78.1   15:11  47.8   06:56   6.8   2.7  0.00   1.7   6.0   09:46   NNE
26  62.3  80.6   13:30  50.2   06:04   5.4   2.7  0.47   1.9  13.0   13:30     S
27  58.8  71.6   15:31  50.2   23:56   7.2   1.0  0.01   4.0  18.3   14:31     S
28  59.5  74.6   13:58  45.3   06:36   7.4   1.9  0.02   3.9  17.4   14:31   SSE
29  61.4  69.4   13:50  56.3   09:56   4.1   0.5  0.65   4.8  19.7   13:59     E
30  57.8  65.3   14:59  54.8   04:33   7.2   0.0  0.35   3.4  15.2   14:37   NNE
----------------------------------------------------------------------------------
    67.5  90.5     6    45.3    28    83.8 158.3  3.42   2.4  20.6    10     SSE

Max >=  80.0: 17
Max <=  32.0:  0
Min <=  32.0:  0
Min <=   0.0:  0
Max Rain: 1.39 on day 18
Days of Rain: 16 (>= 0.01 in)  5 (>= 0.10 in)  1 (>= 1.00 in)
Heat Base: 65.0  Cool Base: 65.0  Method: Integration