nws-alerts: Checking more than four warning/county codes can delay the loading of your pages. You should use a cron job to get the data.

NOAA-Style Climate Reports


Report for 2016 October
                   Monthly Climatological Summary for Oct 2016

Name: Westmoreland Weather   City: Export   State: Pennsylvania
Elevation: 1286 ft  Lat: N 40° 26' 47"   Lon: W 079° 35' 30"

                  Temperature (°F), Rain (in), Wind Speed (mph)

                                      Heat  Cool        Avg
    Mean                              Deg   Deg         Wind                 Dom
Day Temp  High   Time   Low    Time   Days  Days  Rain  Speed High   Time    Dir
----------------------------------------------------------------------------------
 1  61.6  74.3   14:39  54.8   02:21   4.9   1.5  0.07   2.1   9.8   17:26   SSE
 2  59.0  66.0   14:15  55.6   00:53   6.0   0.0  0.25   2.3  12.1   12:56     S
 3  58.2  70.1   13:37  52.1   05:07   7.0   0.2  0.01   0.8   8.3   12:46   SSE
 4  60.0  75.2   15:32  49.4   07:09   7.1   2.1  0.01   2.3  12.1   14:44     E
 5  59.2  72.3   14:07  49.1   07:32   6.9   1.1  0.00   2.1  15.9   15:07   SSE
 6  59.9  79.3   15:28  44.8   07:09   8.1   3.0  0.00   1.4   7.6   16:41     E
 7  61.6  75.7   13:19  49.1   06:34   5.7   2.3  0.70   3.1  13.0   14:14     S
 8  58.3  63.7   11:22  48.2   23:41   6.7   0.0  0.24   1.6   9.2   13:57    SE
 9  50.3  61.3   13:58  40.1   07:49  14.7   0.0  0.00   1.8   9.8   12:56    NE
10  48.7  66.5   14:51  36.5   07:58  16.3   0.0  0.00   1.1   8.3   13:46   NNE
11  51.8  68.5   14:20  37.4   04:07  13.5   0.3  0.00   1.2   8.3   12:09   SSE
12  57.4  75.4   15:12  42.1   07:20   9.5   1.9  0.00   2.4  13.6   16:18     S
13  54.0  60.2   14:14  40.4   23:55  11.0   0.0  0.14   3.0  10.7   03:10   SSE
14  47.1  65.8   14:58  32.5   07:58  17.9   0.0  0.00   1.3   9.2   12:14     E
15  56.8  76.3   15:08  38.5   07:56  10.7   2.5  0.00   2.4  11.4   15:33     S
16  64.6  76.6   15:15  57.4   05:31   3.1   2.7  0.00   4.5  15.9   10:18     S
17  65.7  77.3   15:27  58.6   08:46   2.1   2.8  0.25   5.1  17.4   15:29     S
18  70.4  77.9   14:34  62.9   07:28   0.2   5.6  0.00   8.4  22.8   10:34     S
19  69.8  82.4   15:22  61.5   23:59   0.2   5.1  0.05   2.0  13.6   01:11    SE
20  66.5  81.3   14:13  57.7   07:59   1.9   3.4  0.92   2.7  15.2   12:40   SSE
21  53.2  62.8   00:00  45.1   23:51  11.8   0.0  1.87   2.9  12.1   17:20    NE
22  42.9  47.8   15:21  40.3   07:47  22.1   0.0  0.08   5.0  14.5   14:32   SSE
23  51.0  64.9   14:36  39.9   01:09  14.0   0.0  0.00   6.0  16.8   14:37     S
24  52.6  60.1   01:07  44.0   23:57  12.4   0.0  0.00   4.2  19.0   01:13    SE
25  44.5  55.6   15:56  37.0   23:53  20.5   0.0  0.00   1.9  11.4   13:38   ENE
26  41.6  53.4   13:36  30.0   07:10  23.4   0.0  0.00   1.9   9.8   22:15   ENE
27  50.9  60.1   10:45  43.7   23:59  14.1   0.0  0.12   4.8  15.9   10:40     S
28  45.4  57.2   14:10  39.4   06:27  19.6   0.0  0.04   2.8  13.0   11:55   SSE
29  59.9  72.3   14:44  43.5   00:07   7.3   2.2  0.00   6.9  24.4   17:50     S
30  60.8  71.6   12:15  47.1   23:58   5.0   0.8  0.28   4.6  19.7   11:12     S
31  47.0  57.0   13:54  38.1   08:03  18.0   0.0  0.00   1.7   8.3   12:28   ENE
----------------------------------------------------------------------------------
    55.8  82.4    19    30.0    26   321.7  37.5  5.03   3.0  24.4    29     SSE

Max >=  80.0:  2
Max <=  32.0:  0
Min <=  32.0:  1
Min <=   0.0:  0
Max Rain: 1.87 on day 21
Days of Rain: 15 (>= 0.01 in)  9 (>= 0.10 in)  1 (>= 1.00 in)
Heat Base: 65.0  Cool Base: 65.0  Method: Integration