nws-alerts: Checking more than four warning/county codes can delay the loading of your pages. You should use a cron job to get the data.

NOAA-Style Climate Reports


Report for 2016 November
                   Monthly Climatological Summary for Nov 2016

Name: Westmoreland Weather   City: Export   State: Pennsylvania
Elevation: 1286 ft  Lat: N 40° 26' 47"   Lon: W 079° 35' 30"

                  Temperature (°F), Rain (in), Wind Speed (mph)

                                      Heat  Cool        Avg
    Mean                              Deg   Deg         Wind                 Dom
Day Temp  High   Time   Low    Time   Days  Days  Rain  Speed High   Time    Dir
----------------------------------------------------------------------------------
 1  57.0  74.8   15:58  39.7   04:22  10.1   2.1  0.00   2.9  13.0   16:16     S
 2  66.2  79.1   15:12  58.6   07:35   2.2   3.4  0.00   3.6  17.4   14:56     S
 3  58.7  64.2   15:09  48.9   23:57   6.3   0.0  0.19   3.6  16.8   09:08     S
 4  48.9  63.5   14:58  38.8   23:53  16.1   0.0  0.01   1.4  10.7   14:58     N
 5  45.9  61.7   14:46  34.5   04:20  19.1   0.0  0.00   2.9  16.8   13:16   SSW
 6  50.1  68.9   13:58  40.1   06:07  15.8   0.3  0.00   1.4   7.6   13:13   SSE
 7  50.3  73.2   13:52  34.0   07:12  15.8   1.1  0.00   1.0   8.3   14:04    SE
 8  50.5  67.3   13:47  35.2   06:37  14.6   0.1  0.07   2.5  16.8   14:37     S
 9  46.0  52.3   11:55  34.3   23:58  19.0   0.0  0.20   2.7  13.0   13:29   ESE
10  44.6  57.2   15:50  34.3   00:00  20.4   0.0  0.02   5.9  20.6   12:25   SSW
11  45.5  60.1   13:35  31.3   23:59  19.5   0.0  0.00   4.4  15.9   14:25   ESE
12  36.5  50.5   12:02  25.3   07:07  28.5   0.0  0.00   1.3  10.7   13:46     S
13  39.3  55.2   14:49  28.0   06:42  25.7   0.0  0.00   2.8  13.0   12:26     S
14  40.9  57.7   12:57  26.6   06:57  24.1   0.0  0.00   2.0  12.1   11:10     S
15  43.7  60.2   14:36  32.0   07:16  21.4   0.0  0.00   1.6  11.4   12:41     S
16  45.8  54.5   12:16  39.0   23:56  19.1   0.0  0.00   2.9  13.6   12:06     S
17  43.4  61.1   14:31  30.4   06:41  21.6   0.0  0.00   1.0   9.8   12:47     S
18  53.3  72.8   13:30  36.5   02:30  12.8   1.1  0.00   2.7  14.5   09:51     S
19  44.9  64.6   09:20  30.0   23:57  20.1   0.0  0.26   7.3  22.1   09:26   SSW
20  28.9  30.2   00:09  27.3   18:06  36.1   0.0  0.00   7.7  23.5   07:08   SSW
21  28.4  31.8   15:31  26.2   07:53  36.6   0.0  0.00   7.1  18.3   09:26     S
22  30.6  41.9   14:01  23.5   06:01  35.3   0.0  0.00  ----  10.7   14:16   SSW
23  35.9  49.4   12:00  21.5   05:23  29.2   0.0  0.00  ----   6.0   09:55    NE
24  44.8  49.4   15:05  40.3   04:10  20.1   0.0  0.15  ----  12.1   22:53     S
25  41.6  44.2   12:36  36.5   23:50  23.4   0.0  0.00  ----   6.9   10:33     S
26  36.2  39.2   14:00  33.2   04:30  28.8   0.0  0.01  ----   9.2   11:05     S
27  37.1  47.8   13:45  30.0   07:35  27.9   0.0  0.01  ----  12.1   14:45     S
28  40.3  50.0   14:35  27.8   06:25  24.7   0.0  0.00  ----  11.4   23:50    SE
----------------------------------------------------------------------------------
    44.1  79.1     2    21.5    23   594.3   8.1  0.92   3.2  23.5    20       S

Max >=  80.0:  0
Max <=  32.0:  2
Min <=  32.0: 13
Min <=   0.0:  0
Max Rain: 0.26 on day 19
Days of Rain: 9 (>= 0.01 in)  4 (>= 0.10 in)  0 (>= 1.00 in)
Heat Base: 65.0  Cool Base: 65.0  Method: Integration