nws-alerts: Checking more than four warning/county codes can delay the loading of your pages. You should use a cron job to get the data.

NOAA-Style Climate Reports


Report for 2016 December
                   Monthly Climatological Summary for Dec 2016

Name: Westmoreland Weather   City: Export   State: Pennsylvania
Elevation: 1286 ft  Lat: N 40 26 44   Lon: W 079 35 30

                  Temperature (°F), Rain (in), Wind Speed (mph)

                                      Heat  Cool        Avg
    Mean                              Deg   Deg         Wind                 Dom
Day Temp  High   Time   Low    Time   Days  Days  Rain  Speed High   Time    Dir
----------------------------------------------------------------------------------
01  38.1  46.2   00:00  35.2   23:09  27.0   0.0  0.01   6.6  16.8   19:19   SSW
02  34.9  36.7   14:29  31.6   07:54  28.6   0.0  0.00   6.3  17.4   19:30   SSW
03  34.4  36.7   12:40  32.3   09:20  30.7   0.0  0.00   4.3  11.4   13:15   SSW
04  36.4  41.3   13:39  31.3   06:09  28.6   0.0  0.13   2.8  10.7   13:49    SE
05  38.1  43.9   13:24  30.7   22:29  26.9   0.0  0.06   3.8  15.2   02:24     S
06  35.7  39.4   23:42  30.5   00:44  29.0   0.0  0.47   4.7  17.4   09:49    SE
07  36.7  41.3   13:56  33.4   08:02  28.4   0.0  0.01   4.5  17.4   12:19   SSW
08  28.0  33.4   00:00  21.7   23:21  37.3   0.0  0.00   6.3  19.7   16:52   SSW
09  22.6  25.3   14:31  20.5   05:21  42.5   0.0  0.00   6.4  16.8   13:46    SW
10  22.8  24.4   10:26  20.8   21:41  42.5   0.0  0.00   4.6  15.2   09:36    SW
11  24.5  37.7   21:24  20.8   00:00  40.7   0.0  0.00   2.5   7.6   20:07    SE
12  32.2  34.1   18:03  28.6   23:59  32.8   0.0  0.04   4.0  10.7   19:28    SE
13  28.3  31.4   17:23  23.3   05:54  36.7   0.0  0.00   1.1   9.2   11:55     S
14  22.9  29.1   00:00  16.5   23:59  42.1   0.0  0.01   3.7  16.8   22:58   SSW
15   9.7  16.5   00:00   3.2   23:50  55.3   0.0  0.00   7.2  21.3   03:49   SSW
16  11.1  23.4   22:37   1.7   04:07  53.8   0.0  0.00   4.0   9.8   05:16   SSE
17  39.8  60.5   23:22  23.4   00:00  25.2   0.0  0.05   5.3  19.7   17:56     S
18  36.6  61.2   00:25  21.6   23:57  28.4   0.0  1.10   2.8  25.9   01:15     S
19  22.1  31.2   12:55  16.1   23:27  42.9   0.0  0.00   0.0   0.7   05:46   SSE
20  24.4  34.8   14:15  13.0   05:35  40.6   0.0  0.00   3.1  16.8   20:25     S
21  30.8  35.7   12:55  25.2   07:59  34.1   0.0  0.00   4.8  18.3   13:39   SSW
22  36.3  39.3   02:52  33.2   00:00  28.7   0.0  0.00   4.6  16.8   09:35   SSW
23  34.8  44.3   23:38  29.4   07:53  30.2   0.0  0.00   4.0  15.2   10:27     S
24  42.7  47.9   01:40  37.7   23:55  22.3   0.0  0.06   4.6  17.4   01:23   SSW
25  36.2  40.0   15:14  33.5   19:55  28.8   0.0  0.00   2.4  11.4   14:52   NNE
26  51.5  64.3   23:42  35.7   00:00  13.5   0.0  0.02   6.6  30.4   23:52     S
27  46.3  64.5   00:15  35.9   20:31  18.8   0.0  0.07   8.1  29.8   01:55   SSW
28  35.1  42.5   12:16  30.6   08:40  29.9   0.0  0.00   4.1  15.9   00:27     S
29  35.0  39.8   10:36  31.5   22:59  30.0   0.0  0.05   6.0  19.7   22:47   SSW
30  28.5  33.3   11:19  25.2   23:54  36.5   0.0  0.00   6.2  25.1   11:54   SSW
31  33.1  41.1   13:44  23.4   02:18  31.9   0.0  0.02  10.3  25.9   16:14   SSW
----------------------------------------------------------------------------------
    31.9  64.5    27     1.7    16  1024.7   0.0  2.10   4.6  30.4    26       S

Max >=  80.0  0
Max <=  32.0  7
Min <=  32.0 23
Min <=   0.0  0
Max Rain: 1.10 on day 18
Days of Rain: 14 (>= 0.01 in)  3 (>= 0.10 in)  1 (>= 1.00 in)
Heat Base: 65.0  Cool Base: 65.0  Method: Integration