nws-alerts: Checking more than four warning/county codes can delay the loading of your pages. You should use a cron job to get the data.

NOAA-Style Climate Reports


Report for 2017
                   Annual Climatological Summary for 2017

Name: Westmoreland Weather   City: Export   State: Pennsylvania
Elevation: 1286 ft  Lat: N 40 26 44   Lon: W 079 35 30

                  Temperature (°F), Heat Base: 65.0  Cool Base: 65.0
                          Dep.  Heat  Cool                       Max  Max  Min  Min
        Mean  Mean        From  Deg   Deg                        >=   <=   <=   <=
 YR MO  Max   Min   Mean  Norm  Days  Days  Hi  Date  Low  Date 80.0 32.0 32.0   0.0
------------------------------------------------------------------------------------
 17  1  43.0  28.0  35.3   7.8   920     0  65.2  21   5.3    9    0    5   16    0
 17  2  51.2  31.2  40.8  10.3   682     4  76.4  24  13.0    4    0    4   16    0
 17  3  49.9  31.3  40.2   0.4   771     5  74.7  25  13.4   12    0    3   14    0
 17  4  69.7  46.2  57.8   7.9   271    55  87.0  30  27.9    8    3    0    3    0
 17  5  71.0  50.5  59.7  -0.3   235    70  86.3  17  31.7    9    5    0    1    0
 17  6  79.4  58.4  68.4   0.0    64   167  90.9  13  48.8   28   13    0    0    0
 17  7  83.3  63.8  72.4  -0.2    17   247  90.0  19  54.0    9   25    0    0    0
 17  8  80.2  59.6  68.7  -2.3    51   165  88.1  17  51.5   26   15    0    0    0
 17  9  77.7  55.1  65.0   1.0   122   123  91.8  24  43.4   30   14    0    0    0
 17 10  69.2  48.4  58.0   5.5   279    64  85.7  10  33.2   31    7    0    0    0
 17 11  53.5  32.8  42.3   0.0   682     0  70.1   5  17.0   11    0    0   14    0
 17 12  38.6  22.7  30.1  -2.4  1081     0  60.9   4   1.8   31    0   10   25    0
------------------------------------------------------------------------------------
        63.9  44.0  53.2   2.3  5176   900  91.8 Sep   1.8  Dec   82   22   89    0

                                Precipitation (in)

              Dep.   Max        Days of Rain
              From   Obs.           >=
 YR MO Total  Norm   Day Date 0.01 0.10 1.00
---------------------------------------------
 17  1  3.47  0.77  0.77  23    18   10    0
 17  2  1.32 -1.05  0.60   7    13    3    0
 17  3  6.52  3.35  1.91   8    17   12    3
 17  4  3.59  0.58  0.96   6    20    9    0
 17  5  6.23  2.43  1.70   5    20   15    1
 17  6  5.47  1.35  0.99  16    17   10    0
 17  7  3.98  0.02  0.63  29    20   14    0
 17  8  4.07  0.69  1.00  18    18    7    1
 17  9  1.25 -1.96  0.27   5    15    6    0
 17 10  4.67  2.42  0.89  23    14    9    0
 17 11  3.50  0.48  1.25  18    16    6    1
 17 12  1.27 -1.59  0.60  23     8    3    0
---------------------------------------------
       45.34  7.49  1.91  Mar  196  104    6

                                Wind Speed (mph)
                          Dom
 YR MO   Avg.  Hi   Date  Dir
------------------------------
 17  1   4.6  36.5   12     S
 17  2   5.1  34.2    7   SSW
 17  3   4.9  42.5    8     S
 17  4   4.3  32.0   16     S
 17  5   3.9  29.8    2   SSE
 17  6   3.4  28.2   16     S
 17  7   2.5  22.1   10     S
 17  8   2.1  23.5   19     S
 17  9   1.9  20.6    5   SSE
 17 10   3.3  25.9   23     S
 17 11   3.7  28.9   21     S
 17 12   4.4  30.4    5   SSW
------------------------------
         3.7  42.5  Mar     S