nws-alerts: Checking more than four warning/county codes can delay the loading of your pages. You should use a cron job to get the data.

NOAA-Style Climate Reports


Report for 2017 January
                   Monthly Climatological Summary for Jan 2017

Name: Westmoreland Weather   City: Export   State: Pennsylvania
Elevation: 1286 ft  Lat: N 40 26 44   Lon: W 079 35 30

                  Temperature (°F), Rain (in), Wind Speed (mph)

                                      Heat  Cool        Avg
    Mean                              Deg   Deg         Wind                 Dom
Day Temp  High   Time   Low    Time   Days  Days  Rain  Speed High   Time    Dir
----------------------------------------------------------------------------------
01  37.7  45.8   13:55  32.1   07:58  27.3   0.0  0.04   2.9  19.0   02:17   SSW
02  43.0  46.5   14:34  35.9   00:00  22.0   0.0  0.05   4.4  13.6   21:32    SE
03  45.0  49.2   22:33  42.3   08:21  20.0   0.0  0.34   3.2  12.1   23:45    SE
04  34.1  47.0   00:00  21.1   23:13  31.0   0.0  0.04   7.5  25.9   11:35   SSW
05  20.8  25.1   17:00  18.4   06:47  44.2   0.0  0.00   4.9  17.4   00:36   SSW
06  13.6  19.8   11:16   6.0   23:17  51.4   0.0  0.00   2.2  13.0   12:37   SSW
07  11.7  19.7   11:44   6.3   00:42  53.3   0.0  0.00   2.7  12.1   20:52   SSE
08  10.9  16.6   11:35   6.5   23:57  54.1   0.0  0.00   5.4  17.4   12:38   SSW
09  17.2  26.7   15:55   5.3   01:57  47.7   0.0  0.00   4.6  17.4   14:40     S
10  36.7  49.7   22:38  25.8   00:20  28.2   0.0  0.17   9.3  32.7   23:52     S
11  48.4  56.2   14:12  38.4   07:53  16.6   0.0  0.34   8.4  33.6   00:31   SSW
12  57.2  63.9   15:08  39.5   23:58   7.8   0.0  0.41  11.0  36.5   13:15   SSW
13  34.6  42.3   13:13  28.8   23:25  30.4   0.0  0.00   2.9  13.0   02:37    NE
14  32.2  37.7   13:56  27.6   02:21  32.8   0.0  0.01   1.7   6.9   02:25    NE
15  30.7  39.6   12:21  23.6   07:40  34.3   0.0  0.01   1.2   9.2   14:10   SSE
16  32.7  40.9   15:34  23.4   05:24  32.3   0.0  0.00   1.1   4.5   12:40    NE
17  50.3  60.0   14:26  38.9   00:00  14.7   0.0  0.15   5.0  25.1   12:44   SSW
18  41.5  51.3   00:00  37.3   21:49  23.5   0.0  0.05   4.4  13.0   03:48   SSW
19  37.4  43.8   14:46  32.3   21:16  27.6   0.0  0.00   2.9  15.2   01:34   SSW
20  45.4  54.2   16:06  33.2   00:00  19.6   0.0  0.12   2.6  19.0   12:14     S
21  54.3  65.2   12:38  43.2   04:57  10.7   0.0  0.00   2.4  16.8   11:28   SSW
22  53.8  63.9   11:10  45.8   23:10  11.2   0.0  0.00   2.4  12.1   11:26     E
23  42.0  51.7   03:48  33.3   19:37  23.0   0.0  0.77   5.5  23.5   08:18   ENE
24  36.2  39.6   12:50  33.0   07:18  28.8   0.0  0.41   3.0  15.2   12:22   SSE
25  43.8  53.0   15:06  35.9   07:36  21.2   0.0  0.06   5.0  15.9   14:05   SSW
26  37.4  49.7   00:50  32.1   23:56  27.6   0.0  0.35   7.6  24.4   12:22    SW
27  29.4  32.1   00:00  27.0   23:39  35.6   0.0  0.00   7.0  20.6   05:46    SW
28  29.2  33.5   14:44  26.3   08:59  35.8   0.0  0.00   7.6  19.7   10:53   SSW
29  29.5  34.2   16:04  26.7   00:58  35.5   0.0  0.00   3.5  13.6   00:22   SSW
30  25.6  34.1   13:38  20.6   22:05  39.4   0.0  0.04   3.6  15.9   14:10     S
31  32.6  39.6   21:35  22.0   01:28  32.4   0.0  0.11   7.7  21.3   10:19   SSW
----------------------------------------------------------------------------------
    35.3  65.2    21     5.3     9   920.0   0.0  3.47   4.6  36.5    12       S

Max >=  80.0  0
Max <=  32.0  5
Min <=  32.0 16
Min <=   0.0  0
Max Rain: 0.77 on day 23
Days of Rain: 18 (>= 0.01 in)  10 (>= 0.10 in)  0 (>= 1.00 in)
Heat Base: 65.0  Cool Base: 65.0  Method: Integration