nws-alerts: Checking more than four warning/county codes can delay the loading of your pages. You should use a cron job to get the data.

NOAA-Style Climate Reports


Report for 2017 February
                   Monthly Climatological Summary for Feb 2017

Name: Westmoreland Weather   City: Export   State: Pennsylvania
Elevation: 1286 ft  Lat: N 40 26 44   Lon: W 079 35 30

                  Temperature (°F), Rain (in), Wind Speed (mph)

                                      Heat  Cool        Avg
    Mean                              Deg   Deg         Wind                 Dom
Day Temp  High   Time   Low    Time   Days  Days  Rain  Speed High   Time    Dir
----------------------------------------------------------------------------------
01  34.8  38.4   01:33  32.3   04:59  30.2   0.0  0.04   5.6  19.0   01:55   SSW
02  30.4  36.9   15:07  22.5   23:54  34.6   0.0  0.02   4.8  17.4   13:15   SSW
03  22.0  29.0   14:23  18.9   05:52  43.0   0.0  0.00   4.0  14.5   10:27     S
04  22.5  31.4   13:57  13.0   07:07  42.5   0.0  0.00   4.5  16.8   11:56   SSW
05  35.4  43.1   17:07  24.3   01:55  29.5   0.0  0.00   6.0  23.5   10:26   SSW
06  40.0  54.0   15:45  26.7   07:08  25.0   0.0  0.01   3.4  17.4   13:17   SSW
07  54.0  64.7   15:23  41.3   00:00  10.9   0.0  0.60   8.8  34.2   19:52   SSW
08  44.0  54.8   03:01  30.8   23:58  21.0   0.0  0.02   4.5  20.6   01:35    NW
09  23.0  30.8   00:00  16.1   22:55  42.0   0.0  0.02   3.4  16.8   13:27    SE
10  21.5  40.4   23:56  13.4   07:35  43.4   0.0  0.00   6.1  17.4   23:17   SSW
11  46.7  55.3   13:19  40.2   00:00  18.3   0.0  0.05   5.3  17.4   02:10   SSW
12  46.3  57.1   11:48  34.4   22:12  18.7   0.0  0.25   6.0  22.1   21:43     S
13  31.5  42.2   15:13  26.3   23:48  33.5   0.0  0.00   4.7  21.3   00:47    SE
14  36.4  49.7   14:58  25.4   01:09  28.6   0.0  0.00   7.0  22.1   10:55   SSW
15  33.7  40.9   05:14  25.6   23:59  31.3   0.0  0.02   5.9  18.3   07:16     S
16  24.7  27.4   14:49  18.4   23:49  40.3   0.0  0.00   3.6  13.0   06:52   SSE
17  35.3  52.2   15:21  16.6   01:53  29.7   0.0  0.02   1.5   9.2   10:52     S
18  54.0  66.8   15:10  40.9   00:00  11.2   0.1  0.00   8.0  22.1   17:13   SSW
19  52.2  65.4   14:53  44.9   04:57  12.8   0.0  0.00   5.0  22.1   13:10   SSW
20  49.7  68.1   15:25  37.7   05:57  15.4   0.2  0.00   1.6   8.3   10:12    NE
21  54.9  64.7   14:05  45.4   07:13  10.1   0.0  0.00   3.6  16.8   12:06   SSE
22  58.1  68.6   14:29  51.3   05:31   7.1   0.2  0.00   3.1  14.5   10:38   SSW
23  59.4  67.9   15:58  51.9   06:34   6.0   0.3  0.00   6.0  17.4   14:17   SSW
24  65.6  76.4   14:37  54.8   05:11   2.7   3.3  0.00   6.3  22.8   13:05     S
25  47.9  65.2   00:00  28.1   23:13  17.1   0.0  0.24   8.4  25.9   16:13   SSW
26  30.1  38.2   16:01  25.2   06:24  34.9   0.0  0.00   5.1  18.3   00:42   SSW
27  38.6  45.8   12:33  29.7   01:53  26.4   0.0  0.01   4.6  19.0   12:57   SSW
28  49.3  58.4   13:52  36.8   06:13  15.7   0.0  0.02   5.6  24.4   20:55   SSW
----------------------------------------------------------------------------------
    40.8  76.4    24    13.0     4   681.9   4.1  1.32   5.1  34.2     7     SSW

Max >=  80.0  0
Max <=  32.0  4
Min <=  32.0 16
Min <=   0.0  0
Max Rain: 0.60 on day 7
Days of Rain: 13 (>= 0.01 in)  3 (>= 0.10 in)  0 (>= 1.00 in)
Heat Base: 65.0  Cool Base: 65.0  Method: Integration