nws-alerts: Checking more than four warning/county codes can delay the loading of your pages. You should use a cron job to get the data.

NOAA-Style Climate Reports


Report for 2017 March
                   Monthly Climatological Summary for Mar 2017

Name: Westmoreland Weather   City: Export   State: Pennsylvania
Elevation: 1286 ft  Lat: N 40 26 44   Lon: W 079 35 30

                  Temperature (°F), Rain (in), Wind Speed (mph)

                                      Heat  Cool        Avg
    Mean                              Deg   Deg         Wind                 Dom
Day Temp  High   Time   Low    Time   Days  Days  Rain  Speed High   Time    Dir
----------------------------------------------------------------------------------
01  55.0  61.8   15:41  41.4   23:59  10.0   0.0  1.02  11.1  29.8   22:50   SSW
02  32.7  41.4   00:00  27.4   23:39  32.3   0.0  0.17   6.7  34.9   02:07     S
03  25.9  31.5   12:38  21.1   22:42  39.1   0.0  0.04   5.2  22.1   11:01     S
04  25.7  38.6   14:41  17.1   07:07  39.3   0.0  0.00   3.1  15.9   13:24   NNE
05  32.3  50.3   14:41  15.2   06:42  32.7   0.0  0.00   3.3  10.7   13:38     E
06  46.5  56.0   13:20  36.4   00:10  18.5   0.0  0.35   5.3  22.8   14:19     S
07  53.6  63.4   09:38  42.0   23:57  11.4   0.0  0.59  10.2  25.9   10:09   SSW
08  46.9  57.8   14:00  35.9   04:35  18.1   0.0  1.91  10.8  42.5   17:05    SW
09  48.5  59.3   15:06  36.2   23:57  16.5   0.0  0.00   5.9  19.7   12:14   SSW
10  30.2  37.8   12:30  20.9   23:12  34.8   0.0  0.22   3.3  19.7   14:52   ENE
11  20.5  27.9   12:29  14.1   07:11  44.5   0.0  0.00   4.4  16.8   12:36   ESE
12  21.7  32.3   15:35  13.4   06:11  41.5   0.0  0.00   2.1  11.4   15:07   NNE
13  29.6  42.0   15:33  17.7   01:08  35.4   0.0  0.04   5.0  16.8   15:41   ESE
14  26.7  36.4   00:00  14.6   23:55  38.3   0.0  0.00   5.1  22.8   17:03   ENE
15  18.8  26.1   14:55  13.4   02:51  46.2   0.0  0.00   7.1  21.3   14:35     S
16  26.6  35.3   16:17  19.1   00:07  38.4   0.0  0.00   4.7  17.4   15:07     S
17  30.6  41.1   12:26  22.4   03:20  34.4   0.0  0.00   3.3  16.8   12:27   SSW
18  36.7  43.4   15:46  33.3   00:29  28.3   0.0  0.17   2.3  10.7   10:59     S
19  36.7  41.8   13:55  32.8   00:30  28.3   0.0  0.02   2.0   9.2   16:10    NE
20  42.0  52.8   14:18  33.5   05:08  23.0   0.0  0.01   2.3  13.0   10:56     S
21  49.7  61.2   15:34  42.5   08:05  15.3   0.0  0.00   3.3  18.3   13:52   ENE
22  33.5  44.3   00:00  24.7   23:53  31.5   0.0  0.00   5.9  18.3   11:56   NNE
23  35.0  51.9   14:32  16.1   07:14  30.0   0.0  0.00   2.9  11.4   09:00   ESE
24  56.0  72.6   16:07  39.3   02:39  10.6   1.7  0.28   8.8  26.6   10:32   SSW
25  65.7  74.7   11:37  58.9   07:58   2.1   2.8  0.00   3.4  14.5   09:55   SSW
26  56.3  63.4   13:15  49.4   23:50   8.7   0.0  0.21   6.5  19.7   09:10   SSE
27  59.1  69.7   16:32  49.4   00:00   6.7   0.8  0.18   4.1  19.0   16:10   SSW
28  55.3  59.3   15:23  49.0   23:22   9.7   0.0  0.20   2.3  10.7   03:15     E
29  51.9  67.0   16:14  43.8   07:50  13.1   0.0  0.00   3.0  10.7   15:40   NNE
30  48.2  53.5   16:59  43.2   06:22  16.8   0.0  0.05   6.4  22.1   17:17   ESE
31  49.2  53.0   21:14  45.9   23:47  15.8   0.0  1.06   3.1  15.2   11:35   ESE
----------------------------------------------------------------------------------
    40.2  74.7    25    13.4    12   771.3   5.3  6.52   4.9  42.5     8     SSE

Max >=  80.0  0
Max <=  32.0  3
Min <=  32.0 14
Min <=   0.0  0
Max Rain: 1.91 on day 8
Days of Rain: 17 (>= 0.01 in)  12 (>= 0.10 in)  3 (>= 1.00 in)
Heat Base: 65.0  Cool Base: 65.0  Method: Integration