nws-alerts: Checking more than four warning/county codes can delay the loading of your pages. You should use a cron job to get the data.

NOAA-Style Climate Reports


Report for 2017 May
                   Monthly Climatological Summary for May 2017

Name: Westmoreland Weather   City: Export   State: Pennsylvania
Elevation: 1286 ft  Lat: N 40 26 44   Lon: W 079 35 30

                  Temperature (°F), Rain (in), Wind Speed (mph)

                                      Heat  Cool        Avg
    Mean                              Deg   Deg         Wind                 Dom
Day Temp  High   Time   Low    Time   Days  Days  Rain  Speed High   Time    Dir
----------------------------------------------------------------------------------
01  69.7  81.2   14:07  57.6   23:57   0.9   5.7  0.92   5.7  26.6   14:32     S
02  53.9  63.2   16:36  47.6   06:23  11.1   0.0  0.25   9.5  29.8   08:59     S
03  50.9  62.1   15:34  43.1   09:12  14.1   0.0  0.01   4.1  16.8   11:11    SE
04  53.3  63.4   13:20  44.3   02:20  11.7   0.0  0.18   5.9  25.9   17:33    SE
05  58.8  77.6   15:17  49.5   23:59   7.9   1.7  1.70   4.4  15.2   11:59   ESE
06  44.6  49.5   00:00  40.4   23:29  20.4   0.0  0.26   5.1  15.9   17:53   SSE
07  47.2  62.9   14:52  39.1   02:48  17.8   0.0  0.09   5.4  16.8   11:53   SSE
08  46.1  59.8   15:41  34.2   06:27  18.9   0.0  0.00   3.3  17.4   14:31   SSE
09  50.1  67.9   15:59  31.7   05:23  15.0   0.1  0.00   3.1  15.2   16:39     S
10  59.6  74.7   15:55  44.3   03:11   7.7   2.2  0.00   1.7   9.8   12:28   ESE
11  52.9  56.6   00:00  50.6   23:56  12.1   0.0  0.31   2.2   9.2   18:53    NE
12  51.8  55.5   11:55  49.4   23:24  13.2   0.0  0.00   3.6  11.4   12:07   ESE
13  54.8  68.8   16:44  48.6   05:41  10.4   0.2  0.01   1.4   7.6   16:35    NE
14  57.2  71.7   15:09  46.3   06:29   8.4   0.6  0.06   4.6  17.4   18:43   SSE
15  56.2  72.9   16:28  39.1   06:15  10.1   1.3  0.00   2.9  14.5   16:46   ESE
16  63.8  81.2   16:05  41.6   06:22   7.1   5.9  0.00   3.0  13.0   18:17     S
17  74.7  86.3   14:39  63.2   06:12   0.2  10.0  0.00   4.6  24.4   13:27     S
18  75.4  85.7   16:10  66.5   03:48   0.0  10.4  0.00   6.0  25.9   15:29     S
19  73.9  85.9   16:16  65.4   05:56   0.0   8.9  0.00   2.3  12.1   10:36   SSE
20  63.1  72.8   16:55  57.5   06:08   3.3   1.4  0.00   2.7  12.1   19:24    NE
21  64.6  78.5   12:14  57.5   06:34   2.7   2.3  0.15   4.3  14.5   15:21   SSE
22  62.4  68.4   13:58  52.2   23:58   3.2   0.6  0.22   3.7  18.3   12:17     S
23  60.3  73.5   14:46  46.8   05:37   6.6   1.9  0.00   2.9  14.5   13:45    SE
24  60.7  66.1   16:44  56.7   06:30   4.4   0.1  0.17   5.0  25.1   22:00    SE
25  59.1  67.9   16:37  54.8   05:57   6.1   0.2  0.63   3.7  15.2   19:07     S
26  58.8  65.2   18:26  54.8   23:48   6.2   0.0  0.14   3.4  13.0   15:36   SSE
27  60.7  71.1   15:49  52.4   02:08   5.3   1.0  0.12   1.1   7.6   17:35   SSE
28  65.8  79.1   14:12  54.4   05:15   3.0   3.8  0.27   2.7  13.0   11:31     S
29  67.7  78.3   14:13  59.6   05:25   1.7   4.4  0.45   3.4  17.4   18:08     S
30  68.5  78.5   16:09  59.8   06:13   1.3   4.9  0.02   4.5  22.1   13:38     S
31  62.9  76.2   13:28  55.1   06:10   4.6   2.4  0.27   4.4  19.7   14:56     S
----------------------------------------------------------------------------------
    59.7  86.3    17    31.7     9   235.4  70.0  6.23   3.9  29.8     2     SSE

Max >=  80.0  5
Max <=  32.0  0
Min <=  32.0  1
Min <=   0.0  0
Max Rain: 1.70 on day 5
Days of Rain: 20 (>= 0.01 in)  15 (>= 0.10 in)  1 (>= 1.00 in)
Heat Base: 65.0  Cool Base: 65.0  Method: Integration