nws-alerts: Checking more than four warning/county codes can delay the loading of your pages. You should use a cron job to get the data.

NOAA-Style Climate Reports


Report for 2017 July
                   Monthly Climatological Summary for Jul 2017

Name: Westmoreland Weather   City: Export   State: Pennsylvania
Elevation: 1286 ft  Lat: N 40 26 44   Lon: W 079 35 30

                  Temperature (°F), Rain (in), Wind Speed (mph)

                                      Heat  Cool        Avg
    Mean                              Deg   Deg         Wind                 Dom
Day Temp  High   Time   Low    Time   Days  Days  Rain  Speed High   Time    Dir
----------------------------------------------------------------------------------
01  74.8  81.4   15:48  69.9   23:59   0.0   9.8  0.20   4.8  16.8   09:56     S
02  74.3  83.9   14:07  65.0   05:59   0.0   9.3  0.00   2.5  15.2   14:56   SSE
03  72.7  87.3   15:59  62.3   05:57   0.3   8.1  0.22   1.6  15.9   13:16     S
04  74.7  87.5   15:55  66.1   04:13   0.0   9.7  0.01   1.1   6.0   10:25    NE
05  75.2  88.6   15:21  62.9   05:39   0.3  10.5  0.00   2.2   9.8   15:39    SE
06  72.9  84.5   13:29  67.7   06:17   0.0   7.9  0.22   1.5   8.3   14:09     S
07  71.6  82.7   14:33  65.7   23:57   0.0   6.6  0.02   4.3  19.0   16:33     S
08  67.5  75.5   12:24  61.1   23:53   0.4   2.9  0.13   3.5  13.6   11:45     S
09  67.4  79.2   12:07  54.0   06:17   2.8   5.2  0.01   2.1  11.4   16:21     S
10  67.0  78.9   15:44  58.9   03:33   1.7   3.7  0.37   3.6  22.1   16:33     S
11  71.1  81.4   13:41  64.5   00:00   0.0   6.1  0.17   4.6  19.7   18:05     S
12  75.5  86.4   16:25  67.0   05:21   0.0  10.5  0.01   3.6  16.8   10:56     S
13  73.9  78.2   14:30  71.3   23:38   0.0   8.9  0.13   3.8  15.9   12:54     S
14  74.9  83.2   15:10  68.8   23:53   0.0   9.9  0.39   2.4  11.4   14:10     S
15  71.5  85.0   14:57  64.5   06:27   0.0   6.5  0.00   1.4   9.2   15:23     E
16  70.9  83.4   15:59  58.9   06:01   1.3   7.2  0.00   1.2   9.8   12:46   SSE
17  74.3  85.7   15:09  62.5   06:29   0.3   9.6  0.00   1.5  11.4   10:50     S
18  76.5  89.1   14:58  64.8   05:50   0.0  11.5  0.00   0.8   7.6   13:35    NE
19  78.3  90.0   16:26  67.2   06:14   0.0  13.3  0.00   2.4  11.4   12:50   SSE
20  77.3  87.9   15:16  69.2   06:24   0.0  12.3  0.21   2.8  16.8   13:25     S
21  77.3  87.9   14:00  69.9   04:21   0.0  12.3  0.01   2.4  13.6   20:08     S
22  73.4  81.4   14:18  68.6   13:19   0.0   8.4  0.32   4.4  15.9   14:15     S
23  73.9  80.9   12:47  69.5   23:53   0.0   8.9  0.24   4.4  14.5   12:53     S
24  70.5  82.5   16:43  64.7   23:58   0.0   5.5  0.01   3.3  12.1   13:24   SSE
25  66.6  75.3   16:10  61.4   06:07   0.9   2.5  0.00   1.5   7.6   09:16    SE
26  70.0  83.7   13:59  57.3   06:11   1.7   6.7  0.00   1.6  11.4   14:30   SSE
27  72.1  82.8   12:58  61.8   06:34   0.5   7.6  0.35   1.7   9.8   21:40     S
28  71.5  80.7   13:59  65.2   23:58   0.0   6.5  0.33   1.7   9.2   13:50   NNW
29  64.9  78.2   15:38  54.4   07:59   3.2   3.1  0.63   1.9   9.8   13:17   NNW
30  69.4  83.7   14:07  54.6   06:41   2.9   7.2  0.00   0.9   8.3   12:42   ESE
31  72.7  86.3   13:46  59.3   06:36   1.0   8.7  0.00   1.0   9.2   14:24    NE
----------------------------------------------------------------------------------
    72.4  90.0    19    54.0     9    17.3 246.9  3.98   2.5  22.1    10       S

Max >=  80.0 25
Max <=  32.0  0
Min <=  32.0  0
Min <=   0.0  0
Max Rain: 0.63 on day 29
Days of Rain: 20 (>= 0.01 in)  14 (>= 0.10 in)  0 (>= 1.00 in)
Heat Base: 65.0  Cool Base: 65.0  Method: Integration