nws-alerts: Checking more than four warning/county codes can delay the loading of your pages. You should use a cron job to get the data.

NOAA-Style Climate Reports


Report for 2017 August
                   Monthly Climatological Summary for Aug 2017

Name: Westmoreland Weather   City: Export   State: Pennsylvania
Elevation: 1286 ft  Lat: N 40 26 44   Lon: W 079 35 30

                  Temperature (°F), Rain (in), Wind Speed (mph)

                                      Heat  Cool        Avg
    Mean                              Deg   Deg         Wind                 Dom
Day Temp  High   Time   Low    Time   Days  Days  Rain  Speed High   Time    Dir
----------------------------------------------------------------------------------
01  73.7  87.9   13:55  60.5   06:39   0.7   9.4  0.00   0.9   8.3   12:57   SSE
02  73.3  85.5   14:17  63.6   06:16   0.1   8.4  0.09   1.7  10.7   12:25     S
03  73.3  84.3   14:50  63.4   03:59   0.3   8.6  0.01   2.4  13.0   16:28     S
04  72.6  84.1   13:44  65.2   20:11   0.0   7.6  0.53   5.1  22.1   14:11     S
05  64.2  73.5   15:39  56.7   06:18   2.8   1.9  0.00   3.8  16.8   14:32     S
06  64.3  72.2   15:14  57.6   05:46   2.4   1.7  0.01   1.1   6.0   11:09     S
07  65.0  70.6   16:07  62.1   08:29   1.1   1.1  0.44   0.8   5.4   16:12     N
08  66.5  78.2   15:47  57.8   06:33   2.2   3.7  0.01   1.6   9.2   11:11    NE
09  66.7  81.6   15:56  51.7   05:59   3.9   5.6  0.00   1.4   9.2   13:36    SE
10  68.4  79.2   14:47  56.0   06:40   2.3   5.8  0.08   1.9  13.0   20:13     S
11  71.0  81.4   15:39  64.3   05:19   0.1   6.1  0.07   1.7  10.7   14:06     S
12  69.1  80.0   15:58  61.6   23:59   0.5   4.6  0.00   2.0   9.8   11:12     S
13  66.3  79.4   15:25  56.2   06:10   2.5   3.8  0.00   1.1   7.6   12:55   NNE
14  68.0  77.1   16:32  60.2   06:07   1.4   4.5  0.00   1.8  10.7   13:38     S
15  73.7  86.6   15:37  63.0   06:24   0.2   8.9  0.01   1.0   6.9   16:07     E
16  74.3  87.3   14:47  64.8   05:54   0.0   9.4  0.01   1.2   7.6   12:53   NNE
17  74.6  88.1   15:56  62.9   06:36   0.3  10.0  0.12   3.3  15.2   18:59     S
18  73.7  83.9   15:36  68.6   23:39   0.0   8.7  1.00   3.5  13.6   13:24     S
19  69.0  83.2   15:28  60.7   23:09   0.6   4.7  0.25   2.6  23.5   16:38     S
20  69.5  85.4   15:07  55.7   06:07   2.5   7.0  0.01   1.0   8.3   12:45   ESE
21  73.3  85.7   13:37  63.0   06:22   0.3   8.7  0.00   2.3  14.5   14:42     S
22  73.4  85.4   13:47  69.0   06:17   0.0   8.4  0.91   4.9  22.1   13:33     S
23  68.6  78.3   13:59  59.6   23:44   0.8   4.4  0.01   1.5   9.8   13:33    SE
24  63.3  75.6   11:37  56.4   06:14   3.7   2.1  0.50   1.3  15.2   17:39   SSE
25  60.8  70.6   15:12  53.3   06:12   4.9   0.7  0.00   0.8   6.0   11:28     S
26  61.2  75.1   15:14  51.5   02:21   5.7   2.0  0.01   1.0   7.6   12:48     N
27  66.2  76.9   13:44  56.9   06:38   2.7   3.8  0.00   2.9  13.0   16:48   ESE
28  65.7  75.3   15:24  57.3   06:56   2.0   2.7  0.00   3.5  18.3   14:53   SSE
29  65.7  75.6   14:22  58.9   23:59   1.8   2.6  0.00   3.1  11.4   13:33    SE
30  66.3  79.6   15:59  54.0   06:15   3.2   4.6  0.00   1.2   9.8   13:21     S
31  66.9  78.7   15:39  55.1   23:54   2.0   3.8  0.00   2.1  10.7   10:27   SSE
----------------------------------------------------------------------------------
    68.7  88.1    17    51.5    26    51.0 165.3  4.07   2.1  23.5    19     SSE

Max >=  80.0 15
Max <=  32.0  0
Min <=  32.0  0
Min <=   0.0  0
Max Rain: 1.00 on day 18
Days of Rain: 18 (>= 0.01 in)  7 (>= 0.10 in)  1 (>= 1.00 in)
Heat Base: 65.0  Cool Base: 65.0  Method: Integration