nws-alerts: Checking more than four warning/county codes can delay the loading of your pages. You should use a cron job to get the data.

NOAA-Style Climate Reports


Report for 2017 September
                   Monthly Climatological Summary for Sep 2017

Name: Westmoreland Weather   City: Export   State: Pennsylvania
Elevation: 1286 ft  Lat: N 40 26 44   Lon: W 079 35 30

                  Temperature (°F), Rain (in), Wind Speed (mph)

                                      Heat  Cool        Avg
    Mean                              Deg   Deg         Wind                 Dom
Day Temp  High   Time   Low    Time   Days  Days  Rain  Speed High   Time    Dir
----------------------------------------------------------------------------------
01  55.6  61.6   13:53  50.4   07:13   9.4   0.0  0.00   2.4  13.0   09:42     N
02  56.8  67.0   12:49  52.1   00:36   8.2   0.0  0.17   3.7  15.2   11:13    SE
03  61.7  70.2   16:28  54.9   01:33   4.0   0.7  0.13   3.6  14.5   14:54     S
04  68.0  80.0   14:29  56.4   06:31   2.9   5.9  0.01   6.4  19.0   16:16     S
05  66.7  72.0   15:12  59.3   23:50   0.7   2.4  0.27   4.1  20.6   00:18     S
06  61.1  68.8   13:44  54.4   23:56   4.2   0.3  0.00   1.3  10.7   13:52     S
07  55.7  64.8   15:39  45.6   08:12   9.3   0.0  0.18   3.5  19.7   13:17     S
08  57.0  67.2   13:37  50.1   23:56   8.1   0.1  0.01   2.4  12.1   11:14   SSE
09  55.4  70.1   14:16  44.5   07:17  10.1   0.5  0.00   1.4   9.2   11:41   NNE
10  56.4  70.6   14:25  43.8   06:35   9.5   0.9  0.00   2.0  11.4   13:07    NE
11  59.7  73.8   13:46  46.7   06:49   7.4   2.1  0.00   1.6   7.6   11:41   ENE
12  61.7  72.8   14:22  53.3   06:07   4.7   1.4  0.00   1.9   8.3   10:52   NNE
13  69.1  81.4   14:24  58.7   05:46   1.7   5.8  0.20   1.7  13.0   11:57     S
14  63.1  69.2   13:37  59.4   07:27   2.4   0.5  0.15   2.0   9.8   12:57     S
15  64.3  73.7   16:07  57.8   07:34   2.6   1.9  0.01   0.8   6.9   10:53   SSE
16  68.8  82.7   13:08  60.0   04:35   1.5   5.3  0.00   0.7   6.9   13:45    NE
17  71.0  83.7   13:07  61.2   07:07   0.7   6.6  0.00   0.7   9.2   13:09   SSE
18  72.0  85.4   12:42  61.1   06:59   0.6   7.5  0.00   0.8   6.0   10:33   SSE
19  70.7  85.2   13:58  60.5   05:40   0.8   6.4  0.01   1.0   7.6   10:15     E
20  70.2  87.0   14:45  57.3   07:21   1.9   7.0  0.01   0.9   6.9   15:35     E
21  71.0  87.7   14:07  60.3   06:17   1.1   7.1  0.01   1.0   6.9   13:32   SSE
22  70.3  88.4   13:53  58.4   07:20   1.7   7.0  0.01   0.9   6.0   12:37     N
23  71.0  90.0   15:21  56.0   07:27   2.3   8.3  0.00   1.1   7.6   15:56    NE
24  73.8  91.8   14:21  59.3   07:33   1.3  10.1  0.00   1.2   9.2   14:27    NE
25  75.1  88.6   14:56  63.2   07:09   0.1  10.2  0.00   0.8   6.0   12:26    SE
26  75.9  91.8   14:43  66.1   05:39   0.0  10.9  0.00   0.9   8.3   13:42   ESE
27  74.9  91.5   14:26  62.9   06:31   0.2  10.2  0.00   1.4   9.8   10:57   SSE
28  64.2  75.8   14:44  51.3   23:58   3.2   2.4  0.00   2.2  11.4   10:56    NE
29  56.3  71.0   15:40  45.2   07:18   9.5   0.8  0.07   2.7  15.9   15:44     S
30  53.5  68.6   14:46  43.4   07:22  11.7   0.2  0.01   1.6  11.4   15:29     N
----------------------------------------------------------------------------------
    65.0  91.8    24    43.4    30   121.8 122.5  1.25   1.9  20.6     5      SE

Max >=  80.0 14
Max <=  32.0  0
Min <=  32.0  0
Min <=   0.0  0
Max Rain: 0.27 on day 5
Days of Rain: 15 (>= 0.01 in)  6 (>= 0.10 in)  0 (>= 1.00 in)
Heat Base: 65.0  Cool Base: 65.0  Method: Integration