nws-alerts: Checking more than four warning/county codes can delay the loading of your pages. You should use a cron job to get the data.

NOAA-Style Climate Reports


Report for 2017 October
                   Monthly Climatological Summary for Oct 2017

Name: Westmoreland Weather   City: Export   State: Pennsylvania
Elevation: 1286 ft  Lat: N 40 26 44   Lon: W 079 35 30

                  Temperature (°F), Rain (in), Wind Speed (mph)

                                      Heat  Cool        Avg
    Mean                              Deg   Deg         Wind                 Dom
Day Temp  High   Time   Low    Time   Days  Days  Rain  Speed High   Time    Dir
----------------------------------------------------------------------------------
01  53.6  73.5   15:10  37.8   07:18  12.3   0.9  0.00   1.6   9.2   12:48   ESE
02  59.1  80.5   15:41  40.9   07:39   9.3   3.4  0.02   1.4   9.2   13:38    NE
03  62.7  81.4   14:57  45.8   07:26   6.3   4.0  0.00   1.9  11.4   14:28     S
04  64.9  81.8   14:47  49.5   04:42   4.7   4.7  0.00   3.4  13.6   12:35     S
05  64.3  67.9   11:51  60.7   05:34   1.0   0.3  0.76   3.4  12.1   14:23     S
06  65.9  70.4   15:46  61.8   07:22   0.9   1.8  0.00   2.4   9.2   10:55     S
07  70.9  81.9   15:38  61.6   07:08   0.7   6.6  0.00   4.2  17.4   13:54     S
08  69.0  73.3   00:07  67.0   21:54   0.0   4.0  0.58   3.9  16.8   07:48     S
09  71.1  74.7   15:08  65.9   04:53   0.0   6.1  0.38   3.3  15.9   08:03     S
10  70.6  85.7   13:26  64.5   23:55   0.0   5.6  0.02   0.8   7.6   14:09   ENE
11  67.7  76.7   15:46  62.5   03:11   0.5   3.3  0.24   1.8   9.8   12:18     S
12  63.4  67.5   16:22  55.5   21:19   1.8   0.2  0.27   3.3  15.2   16:07    SE
13  62.4  73.1   15:15  56.6   07:49   3.9   1.4  0.00   4.0  13.0   17:10    SE
14  64.7  80.7   14:42  51.3   07:22   4.2   3.9  0.00   1.6   9.2   13:22     S
15  67.5  79.6   14:59  56.0   23:57   1.4   3.9  0.19   7.6  22.8   10:23     S
16  52.2  63.6   15:48  41.3   23:52  12.8   0.0  0.00   2.9  13.0   15:15   ENE
17  48.0  63.8   16:38  34.6   07:34  17.0   0.0  0.00   2.5  14.5   16:18     S
18  55.3  73.7   15:09  40.2   07:59  11.2   1.4  0.00   1.6   9.8   16:30     S
19  57.4  71.0   15:26  45.6   03:37   8.5   0.9  0.00   4.0  20.6   12:24     S
20  60.0  78.5   14:58  47.7   07:33   7.6   2.6  0.00   1.0   8.3   11:39    NE
21  60.2  78.2   15:23  42.9   07:45   8.3   3.4  0.00   1.1   9.2   11:55     S
22  64.3  80.3   15:04  49.2   07:19   5.0   4.3  0.00   2.3  12.1   12:17   SSE
23  60.6  65.9   13:20  54.2   23:51   4.4   0.0  0.89   4.4  25.9   18:09   SSE
24  53.6  59.4   14:47  44.3   23:57  11.4   0.0  0.08   8.0  24.4   14:23     S
25  42.4  44.7   11:16  40.0   05:44  22.6   0.0  0.01   4.1  14.5   10:43     S
26  42.9  52.8   14:36  37.5   08:14  22.1   0.0  0.00   2.3  13.0   12:09     S
27  53.0  71.3   15:03  35.7   04:37  13.1   1.1  0.00   4.4  19.7   11:44     S
28  50.8  58.0   13:24  40.9   23:57  14.2   0.0  0.44   2.1  11.4   14:50     S
29  39.9  42.0   20:12  37.7   06:23  25.1   0.0  0.78   2.5   9.8   22:40     E
30  41.9  47.7   12:58  38.0   08:29  23.1   0.0  0.01   8.6  25.9   11:40     S
31  38.9  47.0   14:57  33.2   23:43  26.1   0.0  0.00   4.7  19.7   11:56     S
----------------------------------------------------------------------------------
    58.0  85.7    10    33.2    31   279.5  63.8  4.67   3.3  25.9    23       S

Max >=  80.0  7
Max <=  32.0  0
Min <=  32.0  0
Min <=   0.0  0
Max Rain: 0.89 on day 23
Days of Rain: 14 (>= 0.01 in)  9 (>= 0.10 in)  0 (>= 1.00 in)
Heat Base: 65.0  Cool Base: 65.0  Method: Integration