nws-alerts: Checking more than four warning/county codes can delay the loading of your pages. You should use a cron job to get the data.

NOAA-Style Climate Reports


Report for 2017 December
                   Monthly Climatological Summary for Dec 2017

Name: Westmoreland Weather   City: Export   State: Pennsylvania
Elevation: 1286 ft  Lat: N 40 26 44   Lon: W 079 35 30

                  Temperature (°F), Rain (in), Wind Speed (mph)

                                      Heat  Cool        Avg
    Mean                              Deg   Deg         Wind                 Dom
Day Temp  High   Time   Low    Time   Days  Days  Rain  Speed High   Time    Dir
----------------------------------------------------------------------------------
01  37.6  48.3   13:51  30.8   23:54  27.4   0.0  0.01   1.2   9.2   14:16     S
02  35.3  49.7   12:49  25.6   07:16  29.7   0.0  0.00   1.1   7.6   15:24   ESE
03  38.7  53.5   14:52  27.2   07:09  26.3   0.0  0.00   1.7  13.0   12:55     S
04  44.3  60.9   13:58  29.7   04:17  20.7   0.0  0.00   3.5  12.1   12:45   SSE
05  47.2  52.8   17:10  32.3   23:58  17.8   0.0  0.40   7.3  30.4   12:27   SSW
06  34.2  42.5   14:25  27.2   06:56  30.8   0.0  0.00   8.8  25.1   12:08   SSW
07  32.3  36.4   14:13  26.5   22:59  32.7   0.0  0.00   5.8  18.3   10:22   SSW
08  24.3  26.5   00:00  20.4   07:54  40.7   0.0  0.00   5.3  15.9   14:30   SSW
09  28.8  37.8   14:46  22.7   06:07  36.2   0.0  0.00   2.7  13.6   11:36     S
10  28.8  30.8   23:43  26.9   08:38  36.2   0.0  0.00   7.2  25.9   10:14    SW
11  33.9  40.2   15:28  30.3   08:10  31.1   0.0  0.00   3.7  15.9   12:52   SSW
12  27.7  40.5   04:07  13.9   23:43  37.3   0.0  0.00   6.3  21.3   14:19     S
13  18.9  25.6   19:51  13.0   05:24  46.1   0.0  0.00   5.8  21.3   10:03   SSW
14  26.0  35.9   13:09  16.4   23:51  39.0   0.0  0.00   3.4  18.3   00:59     E
15  21.5  27.4   14:22  14.1   03:51  43.5   0.0  0.00   4.2  18.3   14:25    SW
16  31.7  39.6   15:07  25.6   00:26  33.3   0.0  0.00   5.7  24.4   02:35   SSW
17  35.6  41.1   13:38  30.8   06:17  29.4   0.0  0.06   3.5  10.7   12:22     S
18  39.1  45.4   18:19  34.2   05:22  25.9   0.0  0.00   5.5  14.5   15:28   SSW
19  45.9  52.8   14:26  41.1   06:44  19.1   0.0  0.06   9.5  27.3   10:47   SSW
20  38.1  49.2   13:52  27.6   23:56  26.9   0.0  0.00   2.6  13.0   12:19    SW
21  35.4  47.0   13:06  25.4   07:26  29.6   0.0  0.00   2.1   9.2   09:21    NE
22  50.2  54.6   14:19  41.1   00:00  14.8   0.0  0.01   6.2  22.1   10:17   SSW
23  44.0  54.9   03:09  32.6   17:22  21.0   0.0  0.60   2.6  13.6   00:23     S
24  35.4  43.8   12:18  32.1   06:45  29.6   0.0  0.11   3.3  23.5   21:40     S
25  22.0  35.5   00:40  17.1   23:55  43.0   0.0  0.02   8.8  22.1   09:41    SW
26  17.4  23.6   13:45  13.4   04:37  47.6   0.0  0.00   5.0  19.0   11:25    SW
27  13.4  24.3   14:02   4.2   23:58  51.6   0.0  0.00   2.6  13.0   14:43     S
28   9.3  17.7   14:38   2.2   05:28  55.7   0.0  0.00   1.6   9.2   12:16   SSW
29  14.6  18.4   15:32  10.5   05:59  50.4   0.0  0.00   2.8  14.5   11:47   SSW
30  15.4  19.5   09:19   7.6   23:58  49.6   0.0  0.00   3.3  12.1   13:33     S
31   7.3  19.3   13:56   1.8   07:54  57.7   0.0  0.00   1.8   9.2   13:03     S
----------------------------------------------------------------------------------
    30.1  60.9     4     1.8    31  1080.7   0.0  1.27   4.4  30.4     5     SSW

Max >=  80.0  0
Max <=  32.0 10
Min <=  32.0 25
Min <=   0.0  0
Max Rain: 0.60 on day 23
Days of Rain: 8 (>= 0.01 in)  3 (>= 0.10 in)  0 (>= 1.00 in)
Heat Base: 65.0  Cool Base: 65.0  Method: Integration