nws-alerts: Checking more than four warning/county codes can delay the loading of your pages. You should use a cron job to get the data.

NOAA-Style Climate Reports


Report for 2018
                   Annual Climatological Summary for 2018

Name: Westmoreland Weather   City: Export   State: Pennsylvania
Elevation: 1286 ft  Lat: N 40 26 44   Lon: W 079 35 30

                  Temperature (°F), Heat Base: 65.0  Cool Base: 65.0
                          Dep.  Heat  Cool                       Max  Max  Min  Min
        Mean  Mean        From  Deg   Deg                        >=   <=   <=   <=
 YR MO  Max   Min   Mean  Norm  Days  Days  Hi  Date  Low  Date 80.0 32.0 32.0   0.0
------------------------------------------------------------------------------------
 18  1  37.5  17.1  27.0  -0.5  1179     0  65.7  11  -6.3    7    0   15   26    4
 18  2  49.9  30.1  39.6   9.1   714     4  80.1  20   9.8    3    1    3   14    0
 18  3  46.3  26.2  35.2  -4.6   923     0  65.7  29  18.0   10    0    2   27    0
 18  4  57.6  36.1  46.5  -3.4   578    22  84.6  13  25.6   10    2    0   13    0
 18  5  80.3  58.4  68.7   8.7    67   180  91.8  29  45.6    1   18    0    0    0
 18  6  79.6  60.5  69.5   1.1    48   183  91.5  30  46.1    6   17    0    0    0
 18  7  85.2  62.8  73.4   0.8    22   281  95.6   4  50.6    8   27    0    0    0
 18  8  82.6  64.8  72.3   1.3    13   239  90.2  28  50.6   23   22    0    0    0
 18  9  78.9  61.2  68.4   4.4    72   175  96.5   4  47.2   30   15    0    0    0
 18 10  63.5  46.5  54.4   1.9   391    62  87.3   8  30.5   25    6    0    2    0
 18 11  45.5  32.6  38.5  -3.8   796     0  68.4   1  20.2   22    0    3   16    0
 18 12  44.6  30.1  36.4   3.9   887     0  65.0   2  16.2   10    0    3   20    0
------------------------------------------------------------------------------------
        62.6  43.9  52.5   1.6  5688  1147  96.5 Sep  -6.3  Jan  108   26  118    4

                                Precipitation (in)

              Dep.   Max        Days of Rain
              From   Obs.           >=
 YR MO Total  Norm   Day Date 0.01 0.10 1.00
---------------------------------------------
 18  1  2.40 -0.30  1.48  12    13    4    1
 18  2  6.57  4.20  1.36  22    19   15    2
 18  3  2.56 -0.61  0.54  27    13    7    0
 18  4  4.61  1.60  0.78  15    16    9    0
 18  5  3.56 -0.24  0.65   6    18   10    0
 18  6  4.78  0.66  1.20  20    18    9    1
 18  7  3.01 -0.95  0.54  25    15   11    0
 18  8  2.88 -0.50  0.52  21    17    9    0
 18  9  9.60  6.39  3.67   9    13    9    2
 18 10  3.53  1.28  0.48   2    17   14    0
 18 11  2.44 -0.58  0.70   9    19    8    0
 18 12  4.27  1.41  0.80  20    17    8    0
---------------------------------------------
       50.21 12.36  3.67  Sep  195  113    6

                                Wind Speed (mph)
                          Dom
 YR MO   Avg.  Hi   Date  Dir
------------------------------
 18  1   4.3  29.8   23   SSW
 18  2   4.1  25.1   28   SSW
 18  3   4.0  34.2    1     S
 18  4   4.5  39.6    4   SSW
 18  5   3.1  28.9    4     S
 18  6   2.4  19.7   18     S
 18  7   2.1  19.0   21     S
 18  8   2.5  21.3   29     S
 18  9   2.2  20.6   10     S
 18 10   3.2  24.4   20     S
 18 11   3.6  30.4    6     S
 18 12   3.6  27.3   31     S
------------------------------
         3.3  39.6  Apr     S