nws-alerts: Checking more than four warning/county codes can delay the loading of your pages. You should use a cron job to get the data.

NOAA-Style Climate Reports


Report for 2018 January
                   Monthly Climatological Summary for Jan 2018

Name: Westmoreland Weather   City: Export   State: Pennsylvania
Elevation: 1286 ft  Lat: N 40 26 44   Lon: W 079 35 30

                  Temperature (°F), Rain (in), Wind Speed (mph)

                                      Heat  Cool        Avg
    Mean                              Deg   Deg         Wind                 Dom
Day Temp  High   Time   Low    Time   Days  Days  Rain  Speed High   Time    Dir
----------------------------------------------------------------------------------
01   5.7  13.9   11:25  -0.3   07:54  59.3   0.0  0.00   3.5  16.8   14:59   SSW
02   8.0  15.3   14:24   4.4   09:32  57.0   0.0  0.00   6.4  19.0   10:48   SSW
03  13.3  24.2   14:45   0.2   08:07  51.7   0.0  0.00   3.5  15.9   10:53   SSW
04  13.2  20.9   11:35   3.5   23:49  51.8   0.0  0.00   5.0  15.9   13:12     S
05   3.8  11.6   14:46  -1.6   08:07  61.2   0.0  0.01   6.3  20.6   14:29   SSW
06   4.0  14.4   14:07  -1.6   04:31  61.0   0.0  0.00   3.3  15.9   11:20   SSW
07  11.3  28.1   23:53  -6.3   05:27  53.7   0.0  0.00   3.7  15.2   12:39     S
08  32.8  37.3   17:31  28.1   00:00  32.2   0.0  0.11   8.8  25.1   09:47   SSW
09  33.7  40.9   13:54  27.2   23:29  31.3   0.0  0.00   3.3  12.1   10:54   SSW
10  37.4  51.7   14:42  25.1   05:58  27.6   0.0  0.00   1.5   6.0   15:59   ESE
11  52.5  65.7   14:33  36.0   04:10  12.5   0.0  0.09   5.1  22.1   17:17     S
12  49.3  63.4   14:07  29.6   23:54  15.7   0.0  1.48   3.9  18.3   15:20   SSW
13  17.5  29.6   00:00   7.4   23:55  47.5   0.0  0.00   0.1  10.7   15:40    NW
14  12.8  27.6   13:48   1.8   07:46  52.2   0.0  0.00   1.2   7.6   11:47    NE
15  19.4  30.1   13:49   8.9   01:56  45.6   0.0  0.00   3.6  12.1   13:24   SSE
16  23.6  29.6   15:32  11.6   23:56  41.4   0.0  0.00   1.8   7.6   19:08   SSW
17  10.0  21.3   14:56   3.5   05:08  55.0   0.0  0.00   3.4  13.0   23:12   SSW
18  16.2  30.1   13:59   4.7   02:29  48.8   0.0  0.00   9.9  23.5   10:24   SSW
19  28.4  38.6   15:52  19.3   06:24  36.6   0.0  0.02   9.0  22.1   12:26   SSW
20  38.9  48.3   11:45  31.5   05:53  26.1   0.0  0.00   8.0  22.8   00:53   SSW
21  43.6  49.4   14:52  36.9   08:14  21.4   0.0  0.02   3.3  12.1   13:41     S
22  54.7  65.0   14:45  45.9   00:00  10.3   0.0  0.05   3.7  14.5   22:41     S
23  43.9  58.4   03:07  35.5   23:57  21.1   0.0  0.28   8.0  29.8   10:42    SW
24  29.5  35.5   00:00  25.6   21:20  35.5   0.0  0.00   4.3  16.8   02:48     S
25  25.3  29.4   11:08  22.4   01:23  39.7   0.0  0.00   2.1  10.7   12:22     S
26  36.2  55.1   14:47  19.7   06:57  28.8   0.0  0.01   3.8  17.4   13:51   SSW
27  46.9  53.0   15:24  34.6   00:00  18.1   0.0  0.25   7.0  25.9   10:58   SSW
28  43.2  56.7   14:28  29.7   23:52  21.8   0.0  0.05   1.3   7.6   13:44   NNE
29  34.8  47.0   14:38  26.0   05:50  30.2   0.0  0.01   1.3   9.8   22:16    SE
30  20.0  29.9   00:00  13.5   23:53  45.0   0.0  0.00   1.1  12.1   15:22   SSE
31  26.3  41.8   23:50   8.1   04:26  38.7   0.0  0.02   6.0  18.3   12:07     S
----------------------------------------------------------------------------------
    27.0  65.7    11    -6.3     7  1178.8   0.0  2.40   4.3  29.8    23     SSW

Max >=  80.0  0
Max <=  32.0 15
Min <=  32.0 26
Min <=   0.0  4
Max Rain: 1.48 on day 12
Days of Rain: 13 (>= 0.01 in)  4 (>= 0.10 in)  1 (>= 1.00 in)
Heat Base: 65.0  Cool Base: 65.0  Method: Integration