nws-alerts: Checking more than four warning/county codes can delay the loading of your pages. You should use a cron job to get the data.

NOAA-Style Climate Reports


Report for 2018 March
                   Monthly Climatological Summary for Mar 2018

Name: Westmoreland Weather   City: Export   State: Pennsylvania
Elevation: 1286 ft  Lat: N 40 26 44   Lon: W 079 35 30

                  Temperature (°F), Rain (in), Wind Speed (mph)

                                      Heat  Cool        Avg
    Mean                              Deg   Deg         Wind                 Dom
Day Temp  High   Time   Low    Time   Days  Days  Rain  Speed High   Time    Dir
----------------------------------------------------------------------------------
01  47.7  54.4   20:19  33.0   23:42  17.3   0.0  0.50   5.0  34.2   20:51     S
02  33.4  42.7   14:14  27.2   23:52  31.6   0.0  0.05   8.4  26.6   09:27    NE
03  32.9  51.7   15:06  22.0   06:42  32.1   0.0  0.00   3.8  16.8   13:27     N
04  32.9  52.4   14:20  21.6   06:37  32.1   0.0  0.00   3.1  15.2   14:05     N
05  31.9  49.2   14:57  19.1   06:43  33.1   0.0  0.00   1.9  10.7   14:37     N
06  35.4  43.6   11:02  27.8   00:19  29.6   0.0  0.01   3.8  16.8   23:25   ESE
07  33.7  39.6   14:59  29.0   23:41  31.3   0.0  0.20   2.3  15.2   17:09   SSW
08  27.8  33.5   11:09  23.3   06:23  37.2   0.0  0.00   5.3  16.8   09:54   SSW
09  26.6  30.3   11:21  20.9   09:53  38.4   0.0  0.01   5.7  19.7   12:57   SSW
10  29.9  45.4   14:37  18.0   06:43  35.1   0.0  0.00   2.3  13.0   13:58     W
11  32.2  49.4   16:01  18.4   07:58  31.4   0.0  0.00   2.1   9.8   11:23     N
12  32.7  43.1   15:51  27.0   23:42  32.3   0.0  0.00   3.5  13.0   19:07    NE
13  28.7  36.8   15:30  24.2   02:22  36.3   0.0  0.00   3.7  16.8   13:11     S
14  26.2  28.5   18:09  23.1   07:26  38.8   0.0  0.02   6.5  17.4   08:11   SSW
15  32.4  41.6   14:55  26.1   01:55  32.6   0.0  0.00   6.7  17.4   14:43     S
16  28.7  39.5   15:47  22.2   07:28  36.3   0.0  0.00   4.7  15.9   16:39     S
17  28.3  37.7   16:44  18.2   07:47  36.7   0.0  0.00   1.5  13.0   14:47     S
18  36.8  54.2   16:04  21.1   07:22  28.2   0.0  0.00   2.4  15.2   14:27   SSW
19  42.7  60.5   15:05  26.9   07:15  22.3   0.0  0.00   2.7   9.2   14:22   NNE
20  33.6  40.7   00:00  27.9   22:10  31.4   0.0  0.00   6.0  18.3   12:36    NE
21  30.9  36.8   15:43  25.2   23:58  34.1   0.0  0.08   2.1  15.2   03:13   NNE
22  30.7  45.2   14:03  19.7   06:12  34.3   0.0  0.19   2.5  14.5   14:33     S
23  32.5  46.3   13:47  20.7   07:32  32.5   0.0  0.00   2.8  19.0   13:49     N
24  34.8  48.6   14:41  21.5   07:25  30.2   0.0  0.00   2.0  13.0   22:16     N
25  33.4  47.2   15:07  21.8   07:12  31.6   0.0  0.00   6.4  19.0   16:24   ENE
26  39.8  50.4   15:46  30.6   02:58  25.2   0.0  0.01   7.4  23.5   15:14   SSE
27  40.9  48.5   23:58  35.7   10:25  24.1   0.0  0.54   5.4  16.8   00:26   SSE
28  52.3  58.4   17:26  48.3   00:00  12.7   0.0  0.34   1.4   9.8   12:48     S
29  58.2  65.7   16:17  52.8   01:51   6.8   0.0  0.33   4.2  16.8   16:19   SSW
30  40.3  57.6   00:08  31.7   23:57  24.7   0.0  0.28   3.4  15.9   08:33     N
31  41.9  55.1   18:25  26.3   08:17  23.1   0.0  0.00   6.3  25.9   22:57   SSW
----------------------------------------------------------------------------------
    35.2  65.7    29    18.0    10   923.4   0.0  2.56   4.0  34.2     1     SSE

Max >=  80.0  0
Max <=  32.0  2
Min <=  32.0 27
Min <=   0.0  0
Max Rain: 0.54 on day 27
Days of Rain: 13 (>= 0.01 in)  7 (>= 0.10 in)  0 (>= 1.00 in)
Heat Base: 65.0  Cool Base: 65.0  Method: Integration