nws-alerts: Checking more than four warning/county codes can delay the loading of your pages. You should use a cron job to get the data.

NOAA-Style Climate Reports


Report for 2018 May
                   Monthly Climatological Summary for May 2018

Name: Westmoreland Weather   City: Export   State: Pennsylvania
Elevation: 1286 ft  Lat: N 40 26 44   Lon: W 079 35 30

                  Temperature (°F), Rain (in), Wind Speed (mph)

                                      Heat  Cool        Avg
    Mean                              Deg   Deg         Wind                 Dom
Day Temp  High   Time   Low    Time   Days  Days  Rain  Speed High   Time    Dir
----------------------------------------------------------------------------------
01  63.2  79.2   16:37  45.6   05:49   6.3   4.5  0.00   4.4  17.4   15:58   SSW
02  71.1  83.6   16:23  56.0   05:46   2.1   8.2  0.00   6.4  25.9   13:44   SSW
03  72.9  88.1   15:05  65.0   05:10   0.0   7.9  0.07   5.5  25.9   13:38   SSW
04  68.3  79.8   15:59  58.5   23:55   0.8   4.1  0.22   6.0  28.9   15:27   SSW
05  60.2  71.7   14:34  48.5   06:14   6.2   1.4  0.07   2.4  12.1   16:52     S
06  55.6  60.7   17:44  50.8   02:55   9.4   0.0  0.65   1.5   8.3   17:09   NNE
07  61.3  74.2   14:59  51.0   01:27   5.7   2.1  0.00   1.6   9.2   16:25    NE
08  66.5  80.9   15:52  51.7   05:49   3.5   4.9  0.00   2.5  15.9   13:49     S
09  68.6  81.4   14:49  52.4   06:11   3.1   6.6  0.00   4.1  17.4   14:39     S
10  69.5  78.9   14:18  60.5   23:57   0.3   4.8  0.05   6.2  21.3   09:48     S
11  60.6  68.6   16:51  52.2   06:12   4.8   0.4  0.00   1.7  22.1   23:43     N
12  65.2  83.7   14:47  51.0   06:41   4.6   4.8  0.54   3.1  22.1   13:15     S
13  64.4  74.7   15:10  58.2   09:55   2.7   2.1  0.51   1.9  14.5   14:45     S
14  67.4  80.5   12:26  61.4   23:38   0.5   2.9  0.07   2.0  13.0   11:13     S
15  71.9  84.3   12:24  60.0   04:51   1.1   7.9  0.04   3.7  22.1   12:13     S
16  70.1  78.9   15:33  62.3   07:07   0.3   5.4  0.09   1.7   9.8   11:37    SE
17  69.7  81.0   15:46  62.9   06:26   0.4   5.1  0.18   1.7   9.8   16:58     E
18  67.1  74.2   12:40  62.0   23:58   0.6   2.6  0.00   5.2  19.7   13:11     E
19  66.0  80.1   14:51  55.5   05:34   3.1   4.1  0.26   4.0  15.2   00:08   SSE
20  69.2  76.7   16:27  60.2   23:57   0.3   4.5  0.06   3.4  11.4   00:36     S
21  70.4  84.8   15:40  56.4   06:08   2.3   7.7  0.00   1.7  11.4   23:56    NE
22  68.7  76.5   16:55  62.9   23:57   0.1   3.8  0.22   3.9  15.2   17:28     S
23  65.3  75.6   15:36  58.9   09:20   2.2   2.4  0.01   1.9   8.3   16:48    NE
24  68.5  85.2   16:08  50.6   06:24   3.8   7.3  0.00   1.3   6.0   11:43    NE
25  71.5  85.9   15:58  54.6   05:28   2.4   8.9  0.00   2.7  13.0   10:40     S
26  74.1  86.3   14:24  64.5   06:29   0.0   9.1  0.14   2.0  10.7   11:44     S
27  73.3  85.5   16:48  66.3   03:28   0.0   8.3  0.26   1.2   6.0   14:01    SE
28  76.8  89.0   16:13  64.7   05:48   0.0  11.8  0.00   1.1   6.9   14:16     S
29  79.4  91.8   16:39  67.0   05:51   0.0  14.4  0.00   2.3  10.7   13:44   SSE
30  75.8  85.2   13:34  67.9   05:25   0.0  10.8  0.00   4.5  16.8   16:20   SSW
31  76.0  81.0   11:54  71.3   23:53   0.0  11.0  0.12   4.6  18.3   10:53     S
----------------------------------------------------------------------------------
    68.7  91.8    29    45.6     1    66.6 179.8  3.56   3.1  28.9     4       S

Max >=  80.0 18
Max <=  32.0  0
Min <=  32.0  0
Min <=   0.0  0
Max Rain: 0.65 on day 6
Days of Rain: 18 (>= 0.01 in)  10 (>= 0.10 in)  0 (>= 1.00 in)
Heat Base: 65.0  Cool Base: 65.0  Method: Integration