nws-alerts: Checking more than four warning/county codes can delay the loading of your pages. You should use a cron job to get the data.

NOAA-Style Climate Reports


Report for 2018 July
                   Monthly Climatological Summary for Jul 2018

Name: Westmoreland Weather   City: Export   State: Pennsylvania
Elevation: 1286 ft  Lat: N 40 26 44   Lon: W 079 35 30

                  Temperature (°F), Rain (in), Wind Speed (mph)

                                      Heat  Cool        Avg
    Mean                              Deg   Deg         Wind                 Dom
Day Temp  High   Time   Low    Time   Days  Days  Rain  Speed High   Time    Dir
----------------------------------------------------------------------------------
01  79.6  92.9   13:22  66.5   06:11   0.0  14.6  0.00   1.7  10.7   14:47   SSW
02  79.1  90.6   15:14  70.8   23:14   0.0  14.1  0.32   2.6  15.9   17:38     S
03  80.4  92.9   15:19  68.6   05:52   0.0  15.4  0.00   1.4  11.4   12:33    SE
04  81.7  95.6   15:46  69.7   05:38   0.0  16.7  0.30   1.5   9.8   13:28   SSW
05  76.4  87.5   16:28  70.2   23:52   0.0  11.4  0.07   2.2   9.8   12:49     S
06  73.2  84.1   15:04  60.7   23:56   0.2   8.3  0.12   2.5  13.6   00:56     S
07  67.1  81.4   16:40  54.6   06:01   2.9   5.0  0.00   2.6  13.6   10:28     N
08  69.3  85.5   16:08  50.6   06:24   3.4   7.7  0.00   1.6   9.8   11:40   SSE
09  72.2  86.6   16:09  56.9   05:51   1.8   9.0  0.00   1.7  10.7   16:29     S
10  76.1  89.0   14:07  64.8   06:08   0.0  11.1  0.18   2.1  11.4   19:24     S
11  71.8  84.6   15:23  59.6   06:26   0.8   7.6  0.00   1.4   9.2   14:22    NW
12  70.9  83.7   13:57  57.8   06:29   1.6   7.5  0.00   1.7   7.6   08:37   NNW
13  74.5  88.2   16:17  60.0   04:59   1.2  10.7  0.00   1.4   9.8   16:46   SSW
14  77.7  89.9   15:23  64.5   05:42   0.0  12.7  0.00   1.7  10.7   14:37     S
15  76.8  91.1   15:25  70.1   23:50   0.0  11.8  0.05   1.8  13.6   16:49     S
16  78.0  90.8   16:13  67.7   05:22   0.0  13.0  0.15   2.8  17.4   20:37     S
17  74.4  87.5   14:31  62.7   23:56   0.0   9.4  0.19   2.4  11.4   17:52     S
18  69.1  82.5   16:19  56.7   06:02   2.1   6.2  0.00   1.4   7.6   11:34     N
19  72.2  87.9   16:22  57.5   05:32   1.8   9.0  0.00   2.0  13.6   13:30     S
20  73.4  85.5   13:34  62.0   04:59   0.4   8.7  0.11   3.6  18.3   16:41   SSW
21  70.9  78.2   11:39  63.4   23:56   0.0   6.0  0.00   4.9  19.0   11:11   SSW
22  69.3  81.2   14:51  58.7   02:36   1.3   5.6  0.04   2.7  13.6   19:30     S
23  74.0  83.4   17:26  66.3   05:42   0.0   9.0  0.00   2.9  13.6   11:31   WSW
24  75.8  83.0   15:57  69.9   06:29   0.0  10.8  0.00   2.1  13.0   09:48   SSW
25  73.3  81.9   16:15  66.8   23:53   0.0   8.3  0.54   1.5  15.2   17:57     S
26  72.0  83.7   15:43  63.2   04:43   0.3   7.4  0.02   2.9  13.6   16:22     S
27  69.9  77.3   13:35  64.3   04:31   0.1   5.0  0.43   1.9  15.2   15:02     S
28  68.7  78.0   15:07  59.4   07:22   0.8   4.5  0.00   1.6  13.0   13:25     S
29  69.4  83.0   14:58  56.4   06:46   2.0   6.4  0.00   1.2   8.3   11:58     S
30  67.7  72.9   18:40  63.2   06:55   0.3   3.1  0.32   1.2   6.9   07:05    SE
31  69.9  81.9   14:24  62.9   03:02   0.6   5.4  0.17   2.4  13.0   17:46   SSE
----------------------------------------------------------------------------------
    73.4  95.6     4    50.6     8    21.6 281.4  3.01   2.1  19.0    21       S

Max >=  80.0 27
Max <=  32.0  0
Min <=  32.0  0
Min <=   0.0  0
Max Rain: 0.54 on day 25
Days of Rain: 15 (>= 0.01 in)  11 (>= 0.10 in)  0 (>= 1.00 in)
Heat Base: 65.0  Cool Base: 65.0  Method: Integration