nws-alerts: Checking more than four warning/county codes can delay the loading of your pages. You should use a cron job to get the data.

NOAA-Style Climate Reports


Report for 2018 October
                   Monthly Climatological Summary for Oct 2018

Name: Westmoreland Weather   City: Export   State: Pennsylvania
Elevation: 1286 ft  Lat: N 40 26 44   Lon: W 079 35 30

                  Temperature (°F), Rain (in), Wind Speed (mph)

                                      Heat  Cool        Avg
    Mean                              Deg   Deg         Wind                 Dom
Day Temp  High   Time   Low    Time   Days  Days  Rain  Speed High   Time    Dir
----------------------------------------------------------------------------------
01  67.6  81.0   15:40  57.3   02:37   2.1   4.7  0.00   2.0  10.7   12:37     S
02  68.1  75.5   15:05  63.2   00:50   0.2   3.4  0.48   4.2  13.6   13:09     S
03  67.7  74.6   17:07  60.5   07:22   0.8   3.5  0.01   1.5   8.3   11:41     S
04  68.8  75.5   15:46  61.2   23:57   0.2   4.0  0.33   4.0  19.0   09:26     S
05  61.7  68.4   14:33  51.0   06:18   4.0   0.6  0.00   1.6   9.2   14:53     S
06  70.4  84.1   13:33  65.0   00:00   0.0   5.4  0.35   2.1  10.7   08:45     S
07  73.5  85.9   14:46  65.4   03:45   0.0   8.5  0.01   1.6  10.7   14:49     S
08  75.5  87.3   14:20  65.2   07:07   0.0  10.4  0.01   1.8  11.4   12:51     S
09  74.0  86.8   15:26  64.1   07:50   0.0   9.0  0.00   2.6  11.4   10:39     S
10  73.6  85.2   14:22  65.4   04:11   0.0   8.6  0.00   3.7  14.5   11:17     S
11  66.9  72.8   00:00  53.9   23:23   1.7   3.6  0.15   3.1  13.0   00:14     S
12  49.0  53.9   00:00  45.9   21:47  16.0   0.0  0.00   3.4  13.0   04:10     S
13  43.9  47.6   16:18  40.7   08:23  21.1   0.0  0.31   3.2  13.0   13:26     S
14  48.4  57.3   15:48  40.9   03:10  16.6   0.0  0.00   1.5   8.3   12:31     S
15  56.7  63.0   11:50  46.5   23:57   8.3   0.0  0.19   6.1  18.3   14:33     S
16  44.6  54.9   13:32  36.2   07:40  20.4   0.0  0.00   3.1  15.9   15:57     S
17  46.3  56.7   12:54  38.6   00:58  18.7   0.0  0.00   6.0  23.5   12:07     S
18  43.4  54.2   14:41  34.4   07:40  21.6   0.0  0.00   2.4  12.1   14:54   SSE
19  46.3  59.8   15:16  34.2   07:37  18.7   0.0  0.13   3.4  14.5   16:18     S
20  48.5  58.0   14:33  40.9   22:48  16.5   0.0  0.19   5.5  24.4   14:27     S
21  38.1  42.3   14:02  32.3   23:55  26.9   0.0  0.21   4.2  14.5   00:19   SSE
22  43.1  57.6   15:34  30.8   01:30  21.9   0.0  0.00   4.5  20.6   12:36     S
23  49.0  61.1   14:22  41.1   23:28  16.0   0.0  0.00   4.5  19.7   12:18     S
24  41.4  51.3   15:24  33.2   23:44  23.6   0.0  0.00   1.7   9.8   16:14    NE
25  39.4  50.1   12:30  30.5   07:26  25.6   0.0  0.00   0.9   7.6   12:19    NE
26  43.0  49.9   12:50  37.3   05:53  22.0   0.0  0.31   3.0  14.5   11:57   SSE
27  44.4  49.2   12:37  38.9   00:12  20.6   0.0  0.35   1.6  11.4   10:47     N
28  44.4  49.0   15:09  40.9   09:14  20.6   0.0  0.26   4.4  16.8   20:59     S
29  43.9  46.7   16:09  40.7   23:27  21.1   0.0  0.12   4.7  14.5   11:39     S
30  46.7  59.6   14:52  36.8   07:37  18.3   0.0  0.00   2.0  15.2   12:15     S
31  58.2  69.3   12:32  47.2   00:41   7.3   0.5  0.12   5.6  22.8   11:32     S
----------------------------------------------------------------------------------
    54.4  87.3     8    30.5    25   390.8  62.2  3.53   3.2  24.4    20       S

Max >=  80.0  6
Max <=  32.0  0
Min <=  32.0  2
Min <=   0.0  0
Max Rain: 0.48 on day 2
Days of Rain: 17 (>= 0.01 in)  14 (>= 0.10 in)  0 (>= 1.00 in)
Heat Base: 65.0  Cool Base: 65.0  Method: Integration