nws-alerts: Checking more than four warning/county codes can delay the loading of your pages. You should use a cron job to get the data.

NOAA-Style Climate Reports


Report for 2018 November
                   Monthly Climatological Summary for Nov 2018

Name: Westmoreland Weather   City: Export   State: Pennsylvania
Elevation: 1286 ft  Lat: N 40 26 44   Lon: W 079 35 30

                  Temperature (°F), Rain (in), Wind Speed (mph)

                                      Heat  Cool        Avg
    Mean                              Deg   Deg         Wind                 Dom
Day Temp  High   Time   Low    Time   Days  Days  Rain  Speed High   Time    Dir
----------------------------------------------------------------------------------
01  61.3  68.4   14:02  56.6   10:34   4.0   0.4  0.06   3.7  16.8   17:57     S
02  53.8  67.2   01:34  44.0   23:20  11.3   0.1  0.07   5.7  24.4   02:29     S
03  41.5  49.7   15:38  35.0   23:49  23.5   0.0  0.15   3.2  14.5   14:20     S
04  43.9  57.3   13:50  32.1   03:48  22.0   0.0  0.00   3.8  15.2   13:02   SSE
05  53.7  62.3   14:24  47.4   04:14  11.3   0.0  0.14   3.7  11.4   00:45   SSE
06  55.4  65.7   16:16  47.0   23:59   9.6   0.0  0.14   7.3  30.4   14:38     S
07  45.8  53.7   15:23  36.4   23:58  19.2   0.0  0.00   4.5  22.1   12:43     S
08  39.0  52.4   13:32  29.7   06:42  26.0   0.0  0.00   1.2   7.6   10:47     N
09  39.9  45.0   17:14  35.9   00:00  25.1   0.0  0.70   4.4  15.9   05:58   SSE
10  30.0  36.4   00:00  27.2   07:26  35.0   0.0  0.01   7.4  22.1   05:10   SSW
11  32.6  45.2   14:32  23.4   07:22  32.4   0.0  0.00   2.3  10.7   00:19     S
12  36.5  47.9   13:11  25.4   05:40  28.5   0.0  0.06   1.2   7.6   16:40     E
13  36.2  38.4   00:00  31.2   23:41  28.8   0.0  0.08   2.6  12.1   15:44     S
14  30.8  36.2   14:19  27.4   05:11  34.2   0.0  0.00   2.5  11.4   11:19   SSW
15  32.5  34.2   16:14  29.6   00:11  32.5   0.0  0.01   2.0  13.6   05:28   ESE
16  31.5  32.8   23:07  30.3   10:12  33.5   0.0  0.00   0.0   0.0   00:00     N
17  35.5  39.3   14:56  32.4   00:00  29.5   0.0  0.24   1.5  10.7   12:10   SSW
18  41.9  52.2   15:22  35.5   03:11  23.1   0.0  0.06   2.3  10.7   13:21    SE
19  39.7  40.5   14:59  38.0   08:25  25.3   0.0  0.22   0.6   5.4   10:48    NE
20  34.6  42.7   00:25  32.3   21:28  30.4   0.0  0.01   3.3  14.5   13:43     S
21  31.8  34.4   01:35  27.2   23:50  33.2   0.0  0.00   6.7  22.1   07:23    SW
22  24.3  27.8   14:46  20.2   05:52  40.7   0.0  0.00   2.7   9.2   00:12   NNE
23  34.1  47.9   13:48  24.5   00:00  30.5   0.0  0.00   4.6  12.1   10:40    SE
24  41.3  47.2   14:55  33.0   00:45  22.8   0.0  0.25   3.9   9.8   11:12   SSE
25  47.8  55.3   15:10  44.3   22:23  16.5   0.0  0.00   3.3  16.8   11:59   SSW
26  42.0  52.8   02:47  31.0   23:40  22.7   0.0  0.21   6.8  22.8   13:51   SSW
27  27.7  31.0   00:00  25.4   18:31  37.3   0.0  0.00   5.5  17.4   22:57     S
28  24.4  25.8   00:00  21.3   18:22  40.6   0.0  0.01   6.4  20.6   09:55   SSW
29  27.4  33.0   13:38  22.2   06:11  37.6   0.0  0.01   3.9  13.0   03:53   SSW
30  36.6  41.4   15:52  31.7   00:59  28.4   0.0  0.01   0.9   6.9   12:07   SSE
----------------------------------------------------------------------------------
    38.5  68.4     1    20.2    22   795.5   0.5  2.44   3.6  30.4     6       S

Max >=  80.0  0
Max <=  32.0  3
Min <=  32.0 16
Min <=   0.0  0
Max Rain: 0.70 on day 9
Days of Rain: 19 (>= 0.01 in)  8 (>= 0.10 in)  0 (>= 1.00 in)
Heat Base: 65.0  Cool Base: 65.0  Method: Integration