nws-alerts: Checking more than four warning/county codes can delay the loading of your pages. You should use a cron job to get the data.

NOAA-Style Climate Reports


Report for 2018 December
                   Monthly Climatological Summary for Dec 2018

Name: Westmoreland Weather   City: Export   State: Pennsylvania
Elevation: 1286 ft  Lat: N 40 26 44   Lon: W 079 35 30

                  Temperature (°F), Rain (in), Wind Speed (mph)

                                      Heat  Cool        Avg
    Mean                              Deg   Deg         Wind                 Dom
Day Temp  High   Time   Low    Time   Days  Days  Rain  Speed High   Time    Dir
----------------------------------------------------------------------------------
01  40.3  46.1   18:40  36.4   02:31  24.7   0.0  0.37   4.3  13.0   19:07    SE
02  53.8  65.0   14:51  43.1   01:07  11.2   0.0  0.07   6.2  23.5   12:24     S
03  40.6  53.9   00:00  32.8   23:23  24.4   0.0  0.05   6.7  22.8   02:08   SSW
04  32.7  34.4   11:17  29.4   23:57  32.3   0.0  0.00   1.8   9.8   14:37   NNE
05  29.7  31.9   10:49  28.1   19:09  35.3   0.0  0.01   1.6  11.4   23:25   SSW
06  30.6  34.8   16:24  26.3   07:58  34.4   0.0  0.06   7.0  18.3   10:26   SSW
07  27.3  39.8   11:27  20.9   07:25  37.7   0.0  0.05   1.8  12.1   11:32     S
08  23.1  27.6   13:57  18.8   06:51  41.9   0.0  0.00   1.8   9.8   10:57   SSW
09  25.9  36.4   14:32  20.4   00:00  39.1   0.0  0.00   1.6   7.6   02:55    NE
10  22.3  26.5   14:02  16.2   05:09  42.7   0.0  0.00   1.8   8.3   23:21   ENE
11  27.5  37.1   15:01  20.4   04:32  37.5   0.0  0.00   6.6  19.7   12:05   SSW
12  35.3  42.3   22:23  28.8   07:28  29.7   0.0  0.00   2.5  11.4   21:42     S
13  41.4  48.5   14:53  36.8   23:51  23.6   0.0  0.00   3.0  16.8   12:46     S
14  45.5  54.8   12:58  35.7   01:31  19.5   0.0  0.08   2.1   7.6   12:26   ESE
15  45.7  49.4   03:08  41.6   23:53  19.3   0.0  0.54   3.8  12.1   14:12     N
16  40.1  42.5   10:45  38.4   08:25  24.9   0.0  0.59   3.0  12.1   01:54   NNE
17  37.2  43.6   01:47  33.7   23:47  27.8   0.0  0.00   5.6  15.2   03:54   SSW
18  33.8  42.7   13:06  26.1   23:55  31.2   0.0  0.00   2.5  12.1   13:58     S
19  33.9  48.1   14:19  23.6   03:13  31.1   0.0  0.00   1.2  10.7   13:13     S
20  42.3  57.5   12:44  29.7   04:09  22.7   0.0  0.80   2.1  12.1   17:37   ENE
21  44.0  50.3   05:16  33.0   21:29  21.0   0.0  0.53   3.0   9.8   13:21     S
22  33.5  36.0   06:35  32.1   17:23  31.5   0.0  0.04   4.9  13.6   09:35   SSW
23  37.1  43.6   14:34  31.9   03:59  27.9   0.0  0.04   4.1  13.6   21:56     S
24  32.7  36.8   00:00  28.7   23:57  32.4   0.0  0.01   5.0  21.3   12:19   SSW
25  30.4  37.3   12:46  26.3   08:23  34.6   0.0  0.00   1.1   9.2   14:20     S
26  35.3  49.2   14:55  28.7   00:52  29.7   0.0  0.00   2.3  11.4   13:37     S
27  40.8  52.1   14:32  27.8   01:41  23.5   0.0  0.13   4.3  15.9   11:24   SSE
28  52.7  59.3   15:17  45.0   00:40  12.3   0.0  0.27   5.9  17.4   00:15     S
29  35.2  51.5   00:00  31.2   08:12  29.8   0.0  0.00   5.1  15.2   12:00   SSW
30  34.4  42.7   14:58  30.6   02:23  30.6   0.0  0.00   3.7  15.2   12:24   SSW
31  42.3  60.5   23:55  29.9   02:41  22.7   0.0  0.63   4.0  27.3   23:18     S
----------------------------------------------------------------------------------
    36.4  65.0     2    16.2    10   887.0   0.0  4.27   3.6  27.3    31       S

Max >=  80.0  0
Max <=  32.0  3
Min <=  32.0 20
Min <=   0.0  0
Max Rain: 0.80 on day 20
Days of Rain: 17 (>= 0.01 in)  8 (>= 0.10 in)  0 (>= 1.00 in)
Heat Base: 65.0  Cool Base: 65.0  Method: Integration