nws-alerts: Checking more than four warning/county codes can delay the loading of your pages. You should use a cron job to get the data.

NOAA-Style Climate Reports


Report for 2019 January
                   Monthly Climatological Summary for Jan 2019

Name: Westmoreland Weather   City: Export   State: Pennsylvania
Elevation: 1286 ft  Lat: N 40 26 44   Lon: W 079 35 30

                  Temperature (°F), Rain (in), Wind Speed (mph)

                                      Heat  Cool        Avg
    Mean                              Deg   Deg         Wind                 Dom
Day Temp  High   Time   Low    Time   Days  Days  Rain  Speed High   Time    Dir
----------------------------------------------------------------------------------
01  45.2  61.1   00:08  36.9   22:19  19.8   0.0  0.22   6.4  35.8   03:50    SW
02  38.8  40.9   22:48  37.1   03:07  26.2   0.0  0.01   2.3  11.4   23:56     S
03  34.4  40.9   00:29  29.7   23:56  30.6   0.0  0.00   4.2  18.3   02:24   SSW
04  35.9  42.7   14:51  28.5   02:32  29.1   0.0  0.11   2.0  12.1   03:48     S
05  43.5  53.1   13:05  38.4   08:35  21.5   0.0  0.19   4.1  13.6   11:29   SSW
06  39.1  49.9   14:33  30.1   23:40  25.9   0.0  0.00   3.2  12.1   12:46   SSW
07  36.0  48.1   23:58  27.0   01:58  29.0   0.0  0.00   4.8  19.0   19:48   SSE
08  49.8  59.4   14:19  39.8   23:51  15.2   0.0  0.34   7.8  25.1   16:42   SSW
09  30.3  39.8   00:00  22.4   22:39  34.7   0.0  0.00   6.3  18.3   03:14     S
10  22.5  27.0   13:46  20.9   07:58  42.5   0.0  0.00   5.4  14.5   06:39   SSW
11  23.9  34.4   14:47  20.0   07:24  41.1   0.0  0.00   2.6  13.6   12:12     S
12  26.3  32.6   14:55  20.0   00:00  38.7   0.0  0.00   1.6   7.6   20:27   NNE
13  28.3  33.2   12:36  25.6   19:58  36.7   0.0  0.00   3.2  16.8   10:58    NE
14  31.5  46.3   13:06  20.7   07:52  33.5   0.0  0.05   2.0   8.3   15:12   NNE
15  27.4  31.0   13:54  24.5   08:51  37.6   0.0  0.00   5.4  17.4   18:25   SSW
16  29.3  31.9   12:48  25.1   00:00  35.7   0.0  0.00   5.1  15.9   05:11   SSW
17  29.7  33.9   13:45  25.4   07:26  35.3   0.0  0.00   1.5   9.8   13:05   ESE
18  33.1  37.3   13:12  31.5   23:55  31.9   0.0  0.08   1.6   8.3   04:23     S
19  33.8  37.1   23:35  30.5   01:52  31.2   0.0  0.65   3.9  15.2   18:21    SE
20  20.0  37.1   00:00   6.3   23:01  45.0   0.0  0.18   5.7  17.4   13:20   NNE
21   7.4  15.3   14:41   2.2   07:56  57.6   0.0  0.00   3.9  15.2   15:56   SSW
22  20.7  36.9   13:59   2.7   03:30  44.3   0.0  0.01   2.8  12.1   13:46   SSE
23  43.9  47.9   13:35  34.2   00:00  21.1   0.0  0.43   4.4  15.2   08:50     S
24  34.3  49.4   03:39  24.5   23:54  30.7   0.0  0.15   2.0  13.0   08:58     S
25  20.7  24.7   13:14  13.5   22:47  44.3   0.0  0.00   2.8  28.2   10:39   SSW
26  19.8  25.1   23:47  13.5   00:00  45.2   0.0  0.00   4.0  13.0   14:27     S
27  28.1  37.3   12:59  15.0   23:54  36.9   0.0  0.20   6.9  33.6   03:42   SSW
28  26.5  46.7   15:12   7.1   05:15  38.5   0.0  0.00   3.4  13.0   18:44   SSE
29  26.2  41.3   01:41  13.5   23:16  38.8   0.0  0.06   6.6  17.4   01:20   SSW
30   4.5  15.2   06:19  -5.0   21:19  60.5   0.0  0.41   7.4  32.7   13:00   SSW
31   3.0  13.0   14:41  -5.5   06:58  62.0   0.0  0.00   4.6  18.3   12:29   SSW
----------------------------------------------------------------------------------
    28.8  61.1     1    -5.5    31  1121.1   0.0  3.09   4.1  35.8     1       S

Max >=  80.0  0
Max <=  32.0  8
Min <=  32.0 26
Min <=   0.0  2
Max Rain: 0.65 on day 19
Days of Rain: 15 (>= 0.01 in)  10 (>= 0.10 in)  0 (>= 1.00 in)
Heat Base: 65.0  Cool Base: 65.0  Method: Integration