nws-alerts: Checking more than four warning/county codes can delay the loading of your pages. You should use a cron job to get the data.

NOAA-Style Climate Reports


Report for 2019 March
                   Monthly Climatological Summary for Mar 2019

Name: Westmoreland Weather   City: Export   State: Pennsylvania
Elevation: 1286 ft  Lat: N 40 26 44   Lon: W 079 35 30

                  Temperature (°F), Rain (in), Wind Speed (mph)

                                      Heat  Cool        Avg
    Mean                              Deg   Deg         Wind                 Dom
Day Temp  High   Time   Low    Time   Days  Days  Rain  Speed High   Time    Dir
----------------------------------------------------------------------------------
01  32.8  42.7   14:48  26.9   06:12  32.2   0.0  0.12   3.3  11.4   17:57    NE
02  34.4  39.8   14:08  30.1   23:50  30.6   0.0  0.00   3.5  17.4   11:35   SSW
03  30.8  33.2   12:46  28.1   23:59  34.2   0.0  0.00   2.0   8.3   08:51   NNE
04  22.8  30.6   16:40  15.3   23:59  42.2   0.0  0.00   5.7  19.0   15:40   SSW
05  14.4  22.4   15:54   7.2   07:07  50.6   0.0  0.00   6.4  25.9   14:14   SSW
06  15.9  24.2   16:54  10.8   04:12  49.1   0.0  0.00   5.7  18.3   12:39   SSW
07  24.7  35.0   13:23  14.6   00:17  40.3   0.0  0.00   4.2  15.2   09:00   SSW
08  29.9  39.8   14:42  20.7   06:23  35.1   0.0  0.00   1.8  10.7   12:53    SE
09  37.0  51.7   12:52  22.9   06:57  27.9   0.0  0.53   5.7  19.7   18:11   SSE
10  50.6  62.3   16:18  39.1   00:00  13.8   0.0  0.07   9.2  30.4   13:13   SSW
11  40.4  56.2   15:51  33.0   07:49  24.6   0.0  0.00   6.4  19.7   17:47   SSW
12  35.9  49.9   16:13  24.9   07:50  29.1   0.0  0.00   2.9  14.5   13:58   SSW
13  44.0  60.0   14:35  26.7   03:07  21.0   0.0  0.00   2.9  19.0   14:48     S
14  60.3  79.6   16:28  42.2   08:17   8.5   3.8  0.01   6.4  27.3   23:04     S
15  54.9  69.2   00:00  39.6   23:52  10.3   0.3  0.30   9.5  27.3   10:58    SW
16  36.1  41.6   15:10  30.8   23:58  28.9   0.0  0.00   6.1  18.3   04:24   SSW
17  34.7  46.8   15:55  27.0   06:08  30.3   0.0  0.00   2.1  13.6   15:25   WSW
18  36.2  46.8   13:47  29.2   07:24  28.8   0.0  0.00   2.7  14.5   16:03     N
19  36.9  49.9   15:04  24.5   07:29  28.0   0.0  0.00   2.0  15.9   14:47   SSW
20  41.0  54.4   14:06  25.8   05:35  24.1   0.0  0.00   2.8  11.4   11:46     S
21  47.1  54.9   16:15  41.1   07:42  17.8   0.0  0.00   2.1   9.8   23:51   NNE
22  36.4  45.4   01:28  26.0   02:44  28.6   0.0  0.11   6.4  21.3   15:24   SSE
23  35.7  48.8   15:06  26.3   07:35  29.3   0.0  0.00   4.9  15.2   14:39     S
24  44.0  56.7   14:25  29.9   02:43  21.0   0.0  0.00   3.4  15.2   17:07   SSW
25  43.9  50.3   00:00  32.6   23:59  21.1   0.0  0.27   1.4  10.7   23:29     N
26  36.5  51.5   16:09  22.9   07:13  28.5   0.0  0.00   2.7  12.1   17:40     N
27  41.8  60.9   15:15  25.4   07:14  23.2   0.0  0.00   2.8  14.5   14:06     S
28  50.5  61.8   12:47  34.4   05:48  14.5   0.0  0.00   5.2  18.3   09:49   SSW
29  53.4  60.2   18:12  50.4   07:16  11.6   0.0  0.15   3.1  13.0   03:17   SSW
30  59.7  69.0   15:40  51.3   07:18   6.0   0.7  0.00   5.6  27.3   14:06     S
31  34.7  57.1   00:00  26.0   22:39  30.4   0.0  0.20   5.1  15.2   16:49     S
----------------------------------------------------------------------------------
    38.6  79.6    14     7.2     5   821.6   4.8  1.76   4.3  30.4    10     SSW

Max >=  80.0  0
Max <=  32.0  3
Min <=  32.0 22
Min <=   0.0  0
Max Rain: 0.53 on day 9
Days of Rain: 9 (>= 0.01 in)  7 (>= 0.10 in)  0 (>= 1.00 in)
Heat Base: 65.0  Cool Base: 65.0  Method: Integration