nws-alerts: Checking more than four warning/county codes can delay the loading of your pages. You should use a cron job to get the data.

NOAA-Style Climate Reports


Report for 2019 April
                   Monthly Climatological Summary for Apr 2019

Name: Westmoreland Weather   City: Export   State: Pennsylvania
Elevation: 1286 ft  Lat: N 40 26 44   Lon: W 079 35 30

                  Temperature (°F), Rain (in), Wind Speed (mph)

                                      Heat  Cool        Avg
    Mean                              Deg   Deg         Wind                 Dom
Day Temp  High   Time   Low    Time   Days  Days  Rain  Speed High   Time    Dir
----------------------------------------------------------------------------------
01  33.7  46.3   15:46  23.4   07:18  31.3   0.0  0.00   3.5  13.6   15:08    SW
02  40.3  55.3   18:18  26.5   05:37  24.7   0.0  0.00   2.9  17.4   15:33   SSE
03  46.6  61.2   13:31  34.2   07:06  18.4   0.0  0.00   5.2  24.4   16:39   SSW
04  48.4  61.8   15:34  38.0   04:13  16.5   0.0  0.00   2.6   9.8   16:29     S
05  46.3  52.4   14:30  41.6   05:36  18.7   0.0  0.14   5.1  20.6   10:16   SSE
06  55.5  69.5   13:49  44.0   04:13  10.1   0.6  0.00   1.5   8.3   11:55   NNE
07  58.3  74.9   13:06  43.2   06:34   8.5   1.8  0.14   3.1  15.9   17:52     S
08  63.6  69.9   13:27  57.1   23:46   2.6   1.2  0.00   5.3  17.4   01:24   SSW
09  60.1  72.2   14:08  46.7   23:58   6.2   1.3  0.00   5.4  19.0   11:01   SSW
10  50.5  62.1   14:53  40.2   05:45  14.5   0.0  0.00   3.0  14.5   15:38     N
11  55.2  76.0   15:10  40.9   04:27  10.6   0.8  0.00   6.2  16.8   17:06    SE
12  62.8  78.7   13:16  52.6   06:34   4.0   1.7  0.27   7.6  25.9   13:37     S
13  61.0  71.5   18:51  50.3   07:02   4.8   0.8  0.00   3.1  17.4   15:30   SSW
14  60.5  72.8   17:35  54.8   07:13   5.8   1.3  1.18   4.9  25.9   17:33     S
15  42.6  57.1   00:00  33.0   10:07  22.4   0.0  0.14   6.8  28.2   05:07   SSW
16  49.2  63.9   17:40  34.1   07:38  15.8   0.0  0.00   4.8  20.6   12:33   SSW
17  64.2  74.9   15:48  50.8   06:47   4.2   3.4  0.00   3.4  13.6   12:47     S
18  68.4  87.5   17:13  57.8   02:18   2.0   5.4  0.00   6.7  27.3   13:42     S
19  65.5  71.3   10:12  58.5   23:58   1.4   1.9  0.56   6.0  28.2   10:19     S
20  58.9  69.7   13:48  48.5   23:08   6.7   0.6  0.34   4.1  19.0   09:22   SSW
21  48.9  53.0   16:14  44.3   04:36  16.1   0.0  0.01   3.1  12.1   04:56     S
22  53.7  68.8   17:04  41.1   03:44  11.6   0.3  0.00   1.6  11.4   13:06     S
23  61.9  78.7   14:55  46.1   05:48   6.0   2.9  0.04   5.4  25.1   12:49   SSW
24  56.9  73.8   17:11  44.7   07:04   8.3   0.1  0.02   3.6  16.8   13:41    SE
25  56.7  66.5   17:09  50.1   08:18   8.3   0.0  0.18   1.1   9.8   23:52   ESE
26  54.7  62.7   10:46  45.9   23:42  10.3   0.0  0.57   5.4  16.8   13:50     S
27  50.0  59.8   14:50  40.4   06:12  15.0   0.0  0.06   6.3  22.1   10:24     S
28  46.9  54.4   17:08  39.1   23:57  18.1   0.0  0.08   2.4  13.0   14:51   NNE
29  52.5  67.9   16:41  35.7   03:49  12.7   0.3  0.00   4.4  19.7   09:54   SSE
30  57.3  68.8   14:37  51.7   05:44   7.8   0.1  0.24   1.9   7.6   00:00    NE
----------------------------------------------------------------------------------
    54.4  87.5    18    23.4     1   343.4  24.5  3.97   4.2  28.2    15       S

Max >=  80.0  1
Max <=  32.0  0
Min <=  32.0  2
Min <=   0.0  0
Max Rain: 1.18 on day 14
Days of Rain: 15 (>= 0.01 in)  10 (>= 0.10 in)  1 (>= 1.00 in)
Heat Base: 65.0  Cool Base: 65.0  Method: Integration